Last updated on 2023-09-28 08:58:56 CEST.
Flavor | Version | Tinstall | Tcheck | Ttotal | Status | Flags |
---|---|---|---|---|---|---|
r-devel-linux-x86_64-debian-clang | 0.8.2 | 9.87 | 116.37 | 126.24 | OK | |
r-devel-linux-x86_64-debian-gcc | 0.8.2 | 7.37 | 89.07 | 96.44 | OK | |
r-devel-linux-x86_64-fedora-clang | 0.8.2 | 153.68 | NOTE | |||
r-devel-linux-x86_64-fedora-gcc | 0.8.2 | 152.29 | NOTE | |||
r-devel-windows-x86_64 | 0.8.2 | 11.00 | 100.00 | 111.00 | OK | |
r-patched-linux-x86_64 | 0.8.2 | 10.53 | 111.54 | 122.07 | OK | |
r-release-linux-x86_64 | 0.8.2 | 10.36 | 112.19 | 122.55 | OK | |
r-release-macos-arm64 | 0.8.2 | 49.00 | OK | |||
r-release-macos-x86_64 | 0.8.2 | 81.00 | OK | |||
r-release-windows-x86_64 | 0.8.2 | 12.00 | 122.00 | 134.00 | OK | |
r-oldrel-macos-arm64 | 0.8.2 | 38.00 | OK | |||
r-oldrel-macos-x86_64 | 0.8.2 | 64.00 | OK | |||
r-oldrel-windows-x86_64 | 0.8.2 | 13.00 | 120.00 | 133.00 | OK |
Version: 0.8.2
Check: data for non-ASCII characters
Result: NOTE
Note: found 4894 marked UTF-8 strings
Flavors: r-devel-linux-x86_64-fedora-clang, r-devel-linux-x86_64-fedora-gcc