Last updated on 2024-04-18 20:55:54 CEST.
Flavor | Version | Tinstall | Tcheck | Ttotal | Status | Flags |
---|---|---|---|---|---|---|
r-devel-linux-x86_64-debian-clang | 1.0.1 | 6.82 | 77.48 | 84.30 | NOTE | |
r-devel-linux-x86_64-debian-gcc | 1.0.1 | 6.75 | 56.30 | 63.05 | NOTE | |
r-devel-linux-x86_64-fedora-clang | 1.0.1 | 105.49 | NOTE | |||
r-devel-linux-x86_64-fedora-gcc | 1.0.1 | 99.20 | NOTE | |||
r-prerel-macos-arm64 | 1.0.1 | 38.00 | NOTE | |||
r-prerel-windows-x86_64 | 1.0.1 | 8.00 | 72.00 | 80.00 | NOTE | |
r-patched-linux-x86_64 | 1.0.1 | 6.09 | 70.60 | 76.69 | NOTE | |
r-release-linux-x86_64 | 1.0.1 | 6.54 | 75.55 | 82.09 | OK | |
r-release-macos-arm64 | 1.0.1 | 39.00 | OK | |||
r-release-macos-x86_64 | 1.0.1 | 57.00 | OK | |||
r-release-windows-x86_64 | 1.0.1 | 12.00 | 84.00 | 96.00 | OK | |
r-oldrel-macos-arm64 | 1.0.1 | 35.00 | NOTE | |||
r-oldrel-windows-x86_64 | 1.0.1 | 11.00 | 86.00 | 97.00 | OK |
Version: 1.0.1
Check: Rd files
Result: NOTE
checkRd: (-1) networktree.Rd:56: Lost braces; missing escapes or markup?
56 | with a matrix response {y}. \code{x1} and \code{x2} are used as
| ^
Flavors: r-devel-linux-x86_64-debian-clang, r-devel-linux-x86_64-debian-gcc, r-devel-linux-x86_64-fedora-clang, r-devel-linux-x86_64-fedora-gcc, r-prerel-macos-arm64, r-prerel-windows-x86_64, r-patched-linux-x86_64
Version: 1.0.1
Check: data for non-ASCII characters
Result: NOTE
Note: found 2 marked Latin-1 strings
Flavors: r-devel-linux-x86_64-fedora-clang, r-devel-linux-x86_64-fedora-gcc, r-oldrel-macos-arm64