Last updated on 2023-09-25 20:08:54 CEST.
Flavor | Version | Tinstall | Tcheck | Ttotal | Status | Flags |
---|---|---|---|---|---|---|
r-devel-linux-x86_64-debian-clang | 1.0.1 | 10.11 | 78.47 | 88.58 | OK | |
r-devel-linux-x86_64-debian-gcc | 1.0.1 | 8.27 | 59.51 | 67.78 | OK | |
r-devel-linux-x86_64-fedora-clang | 1.0.1 | 108.43 | NOTE | |||
r-devel-linux-x86_64-fedora-gcc | 1.0.1 | 105.94 | NOTE | |||
r-devel-windows-x86_64 | 1.0.1 | 12.00 | 76.00 | 88.00 | OK | |
r-patched-linux-x86_64 | 1.0.1 | 8.40 | 75.85 | 84.25 | OK | |
r-release-linux-x86_64 | 1.0.1 | 6.56 | 75.74 | 82.30 | OK | |
r-release-macos-arm64 | 1.0.1 | 39.00 | OK | |||
r-release-macos-x86_64 | 1.0.1 | 57.00 | OK | |||
r-release-windows-x86_64 | 1.0.1 | 12.00 | 87.00 | 99.00 | OK | |
r-oldrel-macos-arm64 | 1.0.1 | 35.00 | NOTE | |||
r-oldrel-macos-x86_64 | 1.0.1 | 68.00 | NOTE | |||
r-oldrel-windows-x86_64 | 1.0.1 | 13.00 | 89.00 | 102.00 | OK |
Version: 1.0.1
Check: data for non-ASCII characters
Result: NOTE
Note: found 2 marked Latin-1 strings
Flavors: r-devel-linux-x86_64-fedora-clang, r-devel-linux-x86_64-fedora-gcc, r-oldrel-macos-arm64, r-oldrel-macos-x86_64