Last updated on 2023-12-04 18:52:23 CET.
Flavor | Version | Tinstall | Tcheck | Ttotal | Status | Flags |
---|---|---|---|---|---|---|
r-devel-linux-x86_64-debian-clang | 0.1.4 | 7.02 | 59.58 | 66.60 | NOTE | |
r-devel-linux-x86_64-debian-gcc | 0.1.4 | 5.30 | 43.68 | 48.98 | NOTE | |
r-devel-linux-x86_64-fedora-clang | 0.1.4 | 82.28 | OK | |||
r-devel-linux-x86_64-fedora-gcc | 0.1.4 | 87.54 | OK | |||
r-devel-windows-x86_64 | 0.1.4 | 7.00 | 66.00 | 73.00 | OK | |
r-patched-linux-x86_64 | 0.1.4 | 4.21 | 54.62 | 58.83 | OK | |
r-release-linux-x86_64 | 0.1.4 | 4.32 | 55.00 | 59.32 | OK | |
r-release-macos-arm64 | 0.1.4 | 35.00 | OK | |||
r-release-macos-x86_64 | 0.1.4 | 53.00 | OK | |||
r-release-windows-x86_64 | 0.1.4 | 9.00 | 70.00 | 79.00 | OK | |
r-oldrel-macos-arm64 | 0.1.4 | 28.00 | OK | |||
r-oldrel-macos-x86_64 | 0.1.4 | 44.00 | OK | |||
r-oldrel-windows-x86_64 | 0.1.4 | 9.00 | 77.00 | 86.00 | OK |
Version: 0.1.4
Check: Rd files
Result: NOTE
checkRd: (-1) nettskjema_get_data.Rd:64-65: Lost braces in \itemize; meant \describe ?
checkRd: (-1) nettskjema_get_data.Rd:66-67: Lost braces in \itemize; meant \describe ?
checkRd: (-1) nettskjema_get_data.Rd:68-69: Lost braces in \itemize; meant \describe ?
checkRd: (-1) nettskjema_token2renviron.Rd:32: Lost braces in \itemize; meant \describe ?
checkRd: (-1) nettskjema_token2renviron.Rd:33: Lost braces in \itemize; meant \describe ?
checkRd: (-1) nettskjema_token2renviron.Rd:34: Lost braces in \itemize; meant \describe ?
checkRd: (-1) nettskjema_write_codebook.Rd:44: Lost braces in \itemize; meant \describe ?
checkRd: (-1) nettskjema_write_codebook.Rd:45: Lost braces in \itemize; meant \describe ?
Flavors: r-devel-linux-x86_64-debian-clang, r-devel-linux-x86_64-debian-gcc