Last updated on 2023-10-04 08:01:44 CEST.
Flavor | Version | Tinstall | Tcheck | Ttotal | Status | Flags |
---|---|---|---|---|---|---|
r-devel-linux-x86_64-debian-clang | 1.2.1 | 200.00 | 132.77 | 332.77 | OK | |
r-devel-linux-x86_64-debian-gcc | 1.2.1 | 134.90 | 99.11 | 234.01 | OK | |
r-devel-linux-x86_64-fedora-clang | 1.2.1 | 484.92 | OK | |||
r-devel-linux-x86_64-fedora-gcc | 1.2.1 | 467.27 | OK | |||
r-devel-windows-x86_64 | 1.2.1 | 141.00 | 146.00 | 287.00 | OK | |
r-patched-linux-x86_64 | 1.2.1 | 188.99 | 127.24 | 316.23 | OK | |
r-release-linux-x86_64 | 1.2.1 | 182.00 | 126.26 | 308.26 | OK | |
r-release-macos-arm64 | 1.2.1 | 109.00 | NOTE | |||
r-release-macos-x86_64 | 1.2.1 | 159.00 | NOTE | |||
r-release-windows-x86_64 | 1.2.1 | 185.00 | 166.00 | 351.00 | OK | |
r-oldrel-macos-arm64 | 1.2.1 | 94.00 | NOTE | |||
r-oldrel-macos-x86_64 | 1.2.1 | 135.00 | NOTE | |||
r-oldrel-windows-x86_64 | 1.2.1 | 172.00 | 156.00 | 328.00 | OK |
Version: 1.2.1
Check: installed package size
Result: NOTE
installed size is 6.7Mb
sub-directories of 1Mb or more:
doc 1.6Mb
libs 4.9Mb
Flavors: r-release-macos-arm64, r-release-macos-x86_64, r-oldrel-macos-arm64, r-oldrel-macos-x86_64