Last updated on 2023-06-03 19:57:20 CEST.
Flavor | Version | Tinstall | Tcheck | Ttotal | Status | Flags |
---|---|---|---|---|---|---|
r-devel-linux-x86_64-debian-clang | 2.8-2 | 34.67 | 494.69 | 529.36 | OK | |
r-devel-linux-x86_64-debian-gcc | 2.8-2 | 31.54 | 363.48 | 395.02 | OK | |
r-devel-linux-x86_64-fedora-clang | 2.8-2 | 642.71 | NOTE | |||
r-devel-linux-x86_64-fedora-gcc | 2.8-2 | 613.30 | NOTE | |||
r-devel-windows-x86_64 | 2.8-2 | 30.00 | 366.00 | 396.00 | OK | |
r-patched-linux-x86_64 | 2.8-2 | OK | ||||
r-release-linux-x86_64 | 2.8-2 | 34.46 | 470.25 | 504.71 | OK | |
r-release-macos-arm64 | 2.8-2 | 148.00 | OK | |||
r-release-macos-x86_64 | 2.8-1 | 255.00 | NOTE | |||
r-release-windows-x86_64 | 2.8-2 | 41.00 | 494.00 | 535.00 | OK | |
r-oldrel-macos-arm64 | 2.8-2 | 143.00 | OK | |||
r-oldrel-macos-x86_64 | 2.8-2 | 197.00 | OK | |||
r-oldrel-windows-x86_64 | 2.8-2 | 43.00 | 456.00 | 499.00 | OK |
Version: 2.8-2
Check: Rd cross-references
Result: NOTE
Undeclared package ‘crossnma’ in Rd xrefs
Flavor: r-devel-linux-x86_64-fedora-clang
Version: 2.8-2
Check: data for non-ASCII characters
Result: NOTE
Note: found 2 marked UTF-8 strings
Flavors: r-devel-linux-x86_64-fedora-clang, r-devel-linux-x86_64-fedora-gcc
Version: 2.8-1
Check: Rd cross-references
Result: NOTE
Package unavailable to check Rd xrefs: ‘crossnma’
Flavor: r-release-macos-x86_64