Last updated on 2024-04-18 20:55:54 CEST.
Flavor | Version | Tinstall | Tcheck | Ttotal | Status | Flags |
---|---|---|---|---|---|---|
r-devel-linux-x86_64-debian-clang | 1.0.2 | 814.37 | 126.96 | 941.33 | NOTE | |
r-devel-linux-x86_64-debian-gcc | 1.0.2 | 612.12 | 93.63 | 705.75 | NOTE | |
r-devel-linux-x86_64-fedora-clang | 1.0.2 | 1591.62 | NOTE | |||
r-devel-linux-x86_64-fedora-gcc | 1.0.2 | 1416.38 | NOTE | |||
r-prerel-macos-arm64 | 1.0.2 | 212.00 | NOTE | |||
r-prerel-windows-x86_64 | 1.0.2 | 622.00 | 137.00 | 759.00 | NOTE | |
r-patched-linux-x86_64 | 1.0.2 | 793.66 | 120.87 | 914.53 | NOTE | |
r-release-linux-x86_64 | 1.0.2 | 771.76 | 121.75 | 893.51 | NOTE | |
r-release-macos-arm64 | 1.0.2 | 290.00 | NOTE | |||
r-release-macos-x86_64 | 1.0.2 | 514.00 | NOTE | |||
r-release-windows-x86_64 | 1.0.2 | 758.00 | 171.00 | 929.00 | NOTE | |
r-oldrel-macos-arm64 | 1.0.2 | 263.00 | NOTE | |||
r-oldrel-windows-x86_64 | 1.0.2 | 768.00 | 159.00 | 927.00 | OK |
Version: 1.0.2
Check: C++ specification
Result: NOTE
Specified C++11: please drop specification unless essential
Flavors: r-devel-linux-x86_64-debian-clang, r-devel-linux-x86_64-debian-gcc, r-devel-linux-x86_64-fedora-clang, r-devel-linux-x86_64-fedora-gcc, r-prerel-macos-arm64, r-prerel-windows-x86_64, r-patched-linux-x86_64, r-release-linux-x86_64, r-release-macos-arm64, r-release-macos-x86_64, r-release-windows-x86_64
Version: 1.0.2
Check: installed package size
Result: NOTE
installed size is 11.4Mb
sub-directories of 1Mb or more:
libs 11.2Mb
Flavors: r-prerel-macos-arm64, r-release-macos-arm64, r-release-macos-x86_64, r-oldrel-macos-arm64