Last updated on 2023-10-02 20:12:05 CEST.
Flavor | Version | Tinstall | Tcheck | Ttotal | Status | Flags |
---|---|---|---|---|---|---|
r-devel-linux-x86_64-debian-clang | 1.0 | 11.41 | 62.55 | 73.96 | OK | |
r-devel-linux-x86_64-debian-gcc | 1.0 | 7.00 | 47.73 | 54.73 | OK | |
r-devel-linux-x86_64-fedora-clang | 1.0 | 90.89 | OK | |||
r-devel-linux-x86_64-fedora-gcc | 1.0 | 102.03 | OK | |||
r-devel-windows-x86_64 | 1.0 | 10.00 | 68.00 | 78.00 | OK | |
r-patched-linux-x86_64 | 1.0 | 7.03 | 60.27 | 67.30 | OK | |
r-release-linux-x86_64 | 1.0 | 7.56 | 60.41 | 67.97 | OK | |
r-release-macos-arm64 | 1.0 | 39.00 | OK | |||
r-release-macos-x86_64 | 1.0 | 57.00 | OK | |||
r-release-windows-x86_64 | 1.0 | 14.00 | 71.00 | 85.00 | OK | |
r-oldrel-macos-arm64 | 1.0 | 9.00 | ERROR | |||
r-oldrel-macos-x86_64 | 1.0 | 12.00 | ERROR | |||
r-oldrel-windows-x86_64 | 1.0 | 14.00 | 79.00 | 93.00 | OK |
Version: 1.0
Check: package dependencies
Result: ERROR
Packages required and available but unsuitable versions: 'stats', 'utils'
See section ‘The DESCRIPTION file’ in the ‘Writing R Extensions’
manual.
Flavors: r-oldrel-macos-arm64, r-oldrel-macos-x86_64