CRAN Package Check Results for Package neo4r

Last updated on 2023-12-06 18:52:52 CET.

Flavor Version Tinstall Tcheck Ttotal Status Flags
r-devel-linux-x86_64-debian-clang 0.1.1 7.90 56.11 64.01 NOTE
r-devel-linux-x86_64-debian-gcc 0.1.1 5.48 42.40 47.88 NOTE
r-devel-linux-x86_64-fedora-clang 0.1.1 79.37 NOTE
r-devel-linux-x86_64-fedora-gcc 0.1.1 74.92 NOTE
r-devel-windows-x86_64 0.1.1 9.00 61.00 70.00 NOTE
r-patched-linux-x86_64 0.1.1 4.97 52.87 57.84 NOTE
r-release-linux-x86_64 0.1.1 5.06 53.22 58.28 NOTE
r-release-macos-arm64 0.1.1 28.00 NOTE
r-release-macos-x86_64 0.1.1 39.00 NOTE
r-release-windows-x86_64 0.1.1 10.00 69.00 79.00 NOTE
r-oldrel-macos-arm64 0.1.1 25.00 NOTE
r-oldrel-macos-x86_64 0.1.1 46.00 NOTE
r-oldrel-windows-x86_64 0.1.1 11.00 76.00 87.00 NOTE

Check Details

Version: 0.1.1
Check: LazyData
Result: NOTE 'LazyData' is specified without a 'data' directory Flavors: r-devel-linux-x86_64-debian-clang, r-devel-linux-x86_64-debian-gcc, r-devel-linux-x86_64-fedora-clang, r-devel-linux-x86_64-fedora-gcc, r-devel-windows-x86_64, r-patched-linux-x86_64, r-release-linux-x86_64, r-release-macos-arm64, r-release-macos-x86_64, r-release-windows-x86_64, r-oldrel-macos-arm64, r-oldrel-macos-x86_64, r-oldrel-windows-x86_64

Version: 0.1.1
Check: dependencies in R code
Result: NOTE Namespaces in Imports field not imported from: ‘igraph’ ‘rlang’ ‘tidyselect’ All declared Imports should be used. Flavors: r-devel-linux-x86_64-fedora-clang, r-devel-linux-x86_64-fedora-gcc, r-oldrel-macos-arm64, r-oldrel-macos-x86_64