Last updated on 2024-04-19 19:50:20 CEST.
Flavor | Version | Tinstall | Tcheck | Ttotal | Status | Flags |
---|---|---|---|---|---|---|
r-devel-linux-x86_64-debian-clang | 1.13.3 | 9.80 | 117.21 | 127.01 | NOTE | |
r-devel-linux-x86_64-debian-gcc | 1.13.3 | NOTE | ||||
r-devel-linux-x86_64-fedora-clang | 1.13.3 | 158.51 | NOTE | |||
r-devel-linux-x86_64-fedora-gcc | 1.13.3 | 158.10 | NOTE | |||
r-prerel-macos-arm64 | 1.13.3 | 52.00 | NOTE | |||
r-prerel-windows-x86_64 | 1.13.3 | 12.00 | 103.00 | 115.00 | NOTE | |
r-patched-linux-x86_64 | 1.13.3 | 15.60 | 109.49 | 125.09 | NOTE | |
r-release-linux-x86_64 | 1.13.3 | 9.05 | 106.07 | 115.12 | OK | |
r-release-macos-arm64 | 1.13.3 | 48.00 | OK | |||
r-release-macos-x86_64 | 1.13.3 | 67.00 | OK | |||
r-release-windows-x86_64 | 1.13.3 | 14.00 | 122.00 | 136.00 | OK | |
r-oldrel-macos-arm64 | 1.13.3 | 39.00 | OK | |||
r-oldrel-windows-x86_64 | 1.13.3 | 16.00 | 123.00 | 139.00 | OK |
Version: 1.13.3
Check: Rd files
Result: NOTE
checkRd: (-1) norm_tests.Rd:69: Lost braces
69 | Anderson-Darling test." See url{https://github.com/Lakens/perfect-t-test} for
| ^
checkRd: (-1) t_neat.Rd:243: Lost braces
243 | Anderson-Darling test." See url{https://github.com/Lakens/perfect-t-test} for
| ^
Flavors: r-devel-linux-x86_64-debian-clang, r-devel-linux-x86_64-debian-gcc, r-devel-linux-x86_64-fedora-clang, r-devel-linux-x86_64-fedora-gcc, r-prerel-macos-arm64, r-prerel-windows-x86_64, r-patched-linux-x86_64