CRAN Package Check Results for Package nbpMatching

Last updated on 2023-06-05 08:53:34 CEST.

Flavor Version Tinstall Tcheck Ttotal Status Flags
r-devel-linux-x86_64-debian-clang 1.5.1 13.32 76.59 89.91 OK
r-devel-linux-x86_64-debian-gcc 1.5.1 10.23 56.04 66.27 OK
r-devel-linux-x86_64-fedora-clang 1.5.1 113.14 NOTE
r-devel-linux-x86_64-fedora-gcc 1.5.1 106.08 NOTE
r-devel-windows-x86_64 1.5.1 13.00 77.00 90.00 OK
r-patched-linux-x86_64 1.5.1 18.39 70.97 89.36 OK
r-release-linux-x86_64 1.5.1 8.73 70.27 79.00 OK
r-release-macos-arm64 1.5.1 35.00 OK
r-release-macos-x86_64 1.5.1 53.00 OK
r-release-windows-x86_64 1.5.1 17.00 97.00 114.00 OK
r-oldrel-macos-arm64 1.5.1 42.00 OK
r-oldrel-macos-x86_64 1.5.1 92.00 OK
r-oldrel-windows-x86_64 1.5.1 17.00 84.00 101.00 OK

Check Details

Version: 1.5.1
Check: compiled code
Result: NOTE
    File ‘nbpMatching/libs/nbpMatching.so’:
     Found no calls to: ‘R_registerRoutines’, ‘R_useDynamicSymbols’
    
    It is good practice to register native routines and to disable symbol
    search.
    
    See ‘Writing portable packages’ in the ‘Writing R Extensions’ manual.
Flavors: r-devel-linux-x86_64-fedora-clang, r-devel-linux-x86_64-fedora-gcc