Last updated on 2024-03-28 07:52:56 CET.
Flavor | Version | Tinstall | Tcheck | Ttotal | Status | Flags |
---|---|---|---|---|---|---|
r-devel-linux-x86_64-debian-clang | 0.1 | 71.62 | 84.87 | 156.49 | NOTE | |
r-devel-linux-x86_64-debian-gcc | 0.1 | 59.03 | 65.64 | 124.67 | NOTE | |
r-devel-linux-x86_64-fedora-clang | 0.1 | 195.20 | NOTE | |||
r-devel-linux-x86_64-fedora-gcc | 0.1 | 227.63 | NOTE | |||
r-devel-windows-x86_64 | 0.1 | 53.00 | 110.00 | 163.00 | NOTE | |
r-patched-linux-x86_64 | 0.1 | 77.42 | 83.47 | 160.89 | NOTE | |
r-release-linux-x86_64 | 0.1 | 68.55 | 84.05 | 152.60 | NOTE | |
r-release-macos-arm64 | 0.1 | 68.00 | NOTE | |||
r-release-macos-x86_64 | 0.1 | 111.00 | NOTE | |||
r-release-windows-x86_64 | 0.1 | 70.00 | 128.00 | 198.00 | NOTE | |
r-oldrel-macos-arm64 | 0.1 | 54.00 | NOTE | |||
r-oldrel-windows-x86_64 | 0.1 | 66.00 | 123.00 | 189.00 | OK |
Version: 0.1
Check: C++ specification
Result: NOTE
Specified C++11: please drop specification unless essential
Flavors: r-devel-linux-x86_64-debian-clang, r-devel-linux-x86_64-debian-gcc, r-devel-linux-x86_64-fedora-clang, r-devel-linux-x86_64-fedora-gcc, r-devel-windows-x86_64, r-patched-linux-x86_64, r-release-linux-x86_64, r-release-macos-arm64, r-release-macos-x86_64, r-release-windows-x86_64
Version: 0.1
Check: dependencies in R code
Result: NOTE
Namespaces in Imports field not imported from:
‘glmnet’ ‘rrpack’
All declared Imports should be used.
Flavors: r-devel-linux-x86_64-fedora-clang, r-devel-linux-x86_64-fedora-gcc, r-oldrel-macos-arm64
Version: 0.1
Check: installed package size
Result: NOTE
installed size is 7.1Mb
sub-directories of 1Mb or more:
libs 6.8Mb
Flavors: r-release-macos-arm64, r-release-macos-x86_64, r-oldrel-macos-arm64