Last updated on 2023-09-25 20:08:54 CEST.
Flavor | Version | Tinstall | Tcheck | Ttotal | Status | Flags |
---|---|---|---|---|---|---|
r-devel-linux-x86_64-debian-clang | 2.0.0 | 19.85 | 260.26 | 280.11 | NOTE | |
r-devel-linux-x86_64-debian-gcc | 2.0.0 | 14.46 | 188.08 | 202.54 | NOTE | |
r-devel-linux-x86_64-fedora-clang | 2.0.0 | 341.12 | NOTE | |||
r-devel-linux-x86_64-fedora-gcc | 2.0.0 | 335.19 | NOTE | |||
r-devel-windows-x86_64 | 2.0.0 | 17.00 | 194.00 | 211.00 | NOTE | |
r-patched-linux-x86_64 | 2.0.0 | 14.46 | 246.84 | 261.30 | NOTE | |
r-release-linux-x86_64 | 2.0.0 | 12.44 | 248.22 | 260.66 | NOTE | |
r-release-macos-arm64 | 2.0.0 | 108.00 | NOTE | |||
r-release-macos-x86_64 | 2.0.0 | 180.00 | NOTE | |||
r-release-windows-x86_64 | 2.0.0 | 22.00 | 237.00 | 259.00 | NOTE | |
r-oldrel-macos-arm64 | 2.0.0 | 69.00 | NOTE | |||
r-oldrel-macos-x86_64 | 2.0.0 | 145.00 | NOTE | |||
r-oldrel-windows-x86_64 | 2.0.0 | 21.00 | 221.00 | 242.00 | NOTE |
Version: 2.0.0
Check: package dependencies
Result: NOTE
Package suggested but not available for checking: ‘gurobi’
Flavors: r-devel-linux-x86_64-debian-clang, r-devel-linux-x86_64-debian-gcc, r-devel-linux-x86_64-fedora-clang, r-devel-linux-x86_64-fedora-gcc, r-devel-windows-x86_64, r-patched-linux-x86_64, r-release-linux-x86_64, r-release-macos-arm64, r-release-macos-x86_64, r-release-windows-x86_64, r-oldrel-macos-arm64, r-oldrel-macos-x86_64, r-oldrel-windows-x86_64