Last updated on 2024-04-23 19:50:51 CEST.
Flavor | Version | Tinstall | Tcheck | Ttotal | Status | Flags |
---|---|---|---|---|---|---|
r-devel-linux-x86_64-debian-clang | 2.0.0 | 16.95 | 259.78 | 276.73 | NOTE | |
r-devel-linux-x86_64-debian-gcc | 2.0.0 | 15.43 | 188.51 | 203.94 | NOTE | |
r-devel-linux-x86_64-fedora-clang | 2.0.0 | 346.32 | NOTE | |||
r-devel-linux-x86_64-fedora-gcc | 2.0.0 | 342.09 | NOTE | |||
r-prerel-macos-arm64 | 2.0.0 | 103.00 | NOTE | |||
r-prerel-windows-x86_64 | 2.0.0 | 15.00 | 187.00 | 202.00 | NOTE | |
r-patched-linux-x86_64 | 2.0.0 | 11.64 | 254.04 | 265.68 | NOTE | |
r-release-linux-x86_64 | 2.0.0 | 11.01 | 247.10 | 258.11 | NOTE | |
r-release-macos-arm64 | 2.0.0 | 108.00 | NOTE | |||
r-release-macos-x86_64 | 2.0.0 | 180.00 | NOTE | |||
r-release-windows-x86_64 | 2.0.0 | 20.00 | 235.00 | 255.00 | NOTE | |
r-oldrel-macos-arm64 | 2.0.0 | 69.00 | NOTE | |||
r-oldrel-windows-x86_64 | 2.0.0 | 21.00 | 214.00 | 235.00 | NOTE |
Version: 2.0.0
Check: package dependencies
Result: NOTE
Package suggested but not available for checking: ‘gurobi’
Flavors: r-devel-linux-x86_64-debian-clang, r-devel-linux-x86_64-debian-gcc, r-devel-linux-x86_64-fedora-clang, r-devel-linux-x86_64-fedora-gcc, r-prerel-macos-arm64, r-prerel-windows-x86_64, r-patched-linux-x86_64, r-release-linux-x86_64, r-release-macos-arm64, r-release-macos-x86_64, r-release-windows-x86_64, r-oldrel-macos-arm64, r-oldrel-windows-x86_64