Last updated on 2024-04-18 08:54:38 CEST.
Flavor | Version | Tinstall | Tcheck | Ttotal | Status | Flags |
---|---|---|---|---|---|---|
r-devel-linux-x86_64-debian-clang | 1.8.24 | 20.01 | 184.36 | 204.37 | OK | |
r-devel-linux-x86_64-debian-gcc | 1.8.24 | 15.27 | 134.11 | 149.38 | OK | |
r-devel-linux-x86_64-fedora-clang | 1.8.24 | 253.27 | NOTE | |||
r-devel-linux-x86_64-fedora-gcc | 1.8.24 | 255.31 | NOTE | |||
r-prerel-macos-arm64 | 1.8.24 | 77.00 | OK | |||
r-prerel-macos-x86_64 | 1.8.24 | 178.00 | OK | |||
r-prerel-windows-x86_64 | 1.8.24 | 19.00 | 169.00 | 188.00 | OK | |
r-patched-linux-x86_64 | 1.8.24 | 26.14 | 173.48 | 199.62 | OK | |
r-release-linux-x86_64 | 1.8.24 | 14.41 | 171.15 | 185.56 | OK | |
r-release-macos-arm64 | 1.8.24 | 119.00 | OK | |||
r-release-macos-x86_64 | 1.8.24 | 154.00 | OK | |||
r-release-windows-x86_64 | 1.8.24 | 25.00 | 202.00 | 227.00 | OK | |
r-oldrel-macos-arm64 | 1.8.24 | 86.00 | OK | |||
r-oldrel-windows-x86_64 | 1.8.24 | 23.00 | 178.00 | 201.00 | OK |
Version: 1.8.24
Check: for detritus in the temp directory
Result: NOTE
Found the following files/directories:
‘Crashpad’
Flavors: r-devel-linux-x86_64-fedora-clang, r-devel-linux-x86_64-fedora-gcc