CRAN Package Check Results for Package nasadata

Last updated on 2023-12-03 19:48:40 CET.

Flavor Version Tinstall Tcheck Ttotal Status Flags
r-devel-linux-x86_64-debian-clang 0.9.0 6.04 45.82 51.86 NOTE
r-devel-linux-x86_64-debian-gcc 0.9.0 4.41 35.38 39.79 NOTE
r-devel-linux-x86_64-fedora-clang 0.9.0 65.43 NOTE
r-devel-linux-x86_64-fedora-gcc 0.9.0 60.28 NOTE
r-devel-windows-x86_64 0.9.0 6.00 59.00 65.00 NOTE
r-patched-linux-x86_64 0.9.0 5.51 43.79 49.30 NOTE
r-release-linux-x86_64 0.9.0 4.93 43.51 48.44 NOTE
r-release-macos-arm64 0.9.0 23.00 NOTE
r-release-macos-x86_64 0.9.0 31.00 NOTE
r-release-windows-x86_64 0.9.0 7.00 64.00 71.00 NOTE
r-oldrel-macos-arm64 0.9.0 23.00 NOTE
r-oldrel-macos-x86_64 0.9.0 45.00 NOTE
r-oldrel-windows-x86_64 0.9.0 8.00 67.00 75.00 NOTE

Check Details

Version: 0.9.0
Check: LazyData
Result: NOTE 'LazyData' is specified without a 'data' directory Flavors: r-devel-linux-x86_64-debian-clang, r-devel-linux-x86_64-debian-gcc, r-devel-linux-x86_64-fedora-clang, r-devel-linux-x86_64-fedora-gcc, r-devel-windows-x86_64, r-patched-linux-x86_64, r-release-linux-x86_64, r-release-macos-arm64, r-release-macos-x86_64, r-release-windows-x86_64, r-oldrel-macos-arm64, r-oldrel-macos-x86_64, r-oldrel-windows-x86_64