Last updated on 2023-06-02 20:56:31 CEST.
Flavor | Version | Tinstall | Tcheck | Ttotal | Status | Flags |
---|---|---|---|---|---|---|
r-devel-linux-x86_64-debian-clang | 0.1.2 | 1073.12 | 48.88 | 1122.00 | NOTE | |
r-devel-linux-x86_64-debian-gcc | 0.1.2 | 800.02 | 39.13 | 839.15 | NOTE | |
r-devel-linux-x86_64-fedora-clang | 0.1.2 | 1961.44 | NOTE | |||
r-devel-linux-x86_64-fedora-gcc | 0.1.2 | 1748.57 | NOTE | |||
r-devel-windows-x86_64 | 0.1.2 | 675.00 | 91.00 | 766.00 | NOTE | |
r-patched-linux-x86_64 | 0.1.2 | NOTE | ||||
r-release-linux-x86_64 | 0.1.2 | 864.07 | 48.32 | 912.39 | NOTE | |
r-release-macos-arm64 | 0.1.2 | 340.00 | NOTE | |||
r-release-macos-x86_64 | 0.1.2 | 688.00 | NOTE | |||
r-release-windows-x86_64 | 0.1.2 | 756.00 | 103.00 | 859.00 | NOTE | |
r-oldrel-macos-arm64 | 0.1.2 | 321.00 | NOTE | |||
r-oldrel-macos-x86_64 | 0.1.2 | 424.00 | NOTE | |||
r-oldrel-windows-x86_64 | 0.1.2 | 949.00 | 99.00 | 1048.00 | NOTE |
Version: 0.1.2
Check: C++ specification
Result: NOTE
Specified C++11: please drop specification unless essential
Flavors: r-devel-linux-x86_64-debian-clang, r-devel-linux-x86_64-debian-gcc, r-devel-linux-x86_64-fedora-clang, r-devel-linux-x86_64-fedora-gcc, r-devel-windows-x86_64, r-patched-linux-x86_64, r-release-linux-x86_64, r-release-macos-arm64, r-release-macos-x86_64, r-release-windows-x86_64
Version: 0.1.2
Check: installed package size
Result: NOTE
installed size is 5.1Mb
sub-directories of 1Mb or more:
data 1.9Mb
libs 2.0Mb
models 1.1Mb
Flavors: r-devel-linux-x86_64-fedora-clang, r-devel-windows-x86_64, r-release-macos-arm64, r-release-macos-x86_64, r-release-windows-x86_64, r-oldrel-macos-arm64, r-oldrel-macos-x86_64, r-oldrel-windows-x86_64
Version: 0.1.2
Check: data for non-ASCII characters
Result: NOTE
Note: found 47936 marked UTF-8 strings
Flavors: r-devel-linux-x86_64-fedora-clang, r-devel-linux-x86_64-fedora-gcc, r-oldrel-macos-x86_64