Last updated on 2024-03-28 19:48:38 CET.
Flavor | Version | Tinstall | Tcheck | Ttotal | Status | Flags |
---|---|---|---|---|---|---|
r-devel-linux-x86_64-debian-clang | 0.5.0 | 74.36 | 36.35 | 110.71 | OK | |
r-devel-linux-x86_64-debian-gcc | 0.5.0 | 58.14 | 29.08 | 87.22 | OK | |
r-devel-linux-x86_64-fedora-clang | 0.5.0 | 153.14 | OK | |||
r-devel-linux-x86_64-fedora-gcc | 0.5.0 | 159.95 | OK | |||
r-devel-windows-x86_64 | 0.5.0 | 57.00 | 70.00 | 127.00 | OK | |
r-patched-linux-x86_64 | 0.5.0 | 76.29 | 36.81 | 113.10 | OK | |
r-release-linux-x86_64 | 0.5.0 | 73.34 | 36.58 | 109.92 | OK | |
r-release-macos-arm64 | 0.5.0 | 45.00 | NOTE | |||
r-release-macos-x86_64 | 0.5.0 | 66.00 | NOTE | |||
r-release-windows-x86_64 | 0.5.0 | 73.00 | 81.00 | 154.00 | OK | |
r-oldrel-macos-arm64 | 0.5.0 | 47.00 | NOTE | |||
r-oldrel-windows-x86_64 | 0.5.0 | 62.00 | 83.00 | 145.00 | OK |
Version: 0.5.0
Check: installed package size
Result: NOTE
installed size is 9.3Mb
sub-directories of 1Mb or more:
libs 9.2Mb
Flavors: r-release-macos-arm64, r-release-macos-x86_64, r-oldrel-macos-arm64