Last updated on 2023-12-05 07:48:38 CET.
Flavor | Version | Tinstall | Tcheck | Ttotal | Status | Flags |
---|---|---|---|---|---|---|
r-devel-linux-x86_64-debian-clang | 2.0.2 | 4.68 | 200.85 | 205.53 | OK | |
r-devel-linux-x86_64-debian-gcc | 2.0.2 | 4.75 | 162.18 | 166.93 | OK | |
r-devel-linux-x86_64-fedora-clang | 2.0.2 | 199.20 | NOTE | |||
r-devel-linux-x86_64-fedora-gcc | 2.0.2 | 165.45 | NOTE | |||
r-devel-windows-x86_64 | 2.0.2 | 5.00 | 111.00 | 116.00 | OK | |
r-patched-linux-x86_64 | 2.0.2 | 7.98 | 170.87 | 178.85 | OK | |
r-release-linux-x86_64 | 2.0.2 | 5.60 | 171.81 | 177.41 | OK | |
r-release-macos-arm64 | 2.0.2 | 43.00 | OK | |||
r-release-macos-x86_64 | 2.0.2 | 75.00 | OK | |||
r-release-windows-x86_64 | 2.0.2 | 5.00 | 127.00 | 132.00 | OK | |
r-oldrel-macos-arm64 | 2.0.2 | 40.00 | OK | |||
r-oldrel-macos-x86_64 | 2.0.2 | 57.00 | NOTE | |||
r-oldrel-windows-x86_64 | 2.0.2 | 8.00 | 132.00 | 140.00 | OK |
Version: 2.0.2
Check: data for non-ASCII characters
Result: NOTE
Note: found 50 marked UTF-8 strings
Flavors: r-devel-linux-x86_64-fedora-clang, r-devel-linux-x86_64-fedora-gcc, r-oldrel-macos-x86_64