CRAN Package Check Results for Package mvrsquared

Last updated on 2023-05-29 08:55:04 CEST.

Flavor Version Tinstall Tcheck Ttotal Status Flags
r-devel-linux-x86_64-debian-clang 0.1.4 43.14 88.89 132.03 NOTE
r-devel-linux-x86_64-debian-gcc 0.1.4 34.89 67.52 102.41 NOTE
r-devel-linux-x86_64-fedora-clang 0.1.4 178.41 NOTE
r-devel-linux-x86_64-fedora-gcc 0.1.4 186.37 NOTE
r-devel-windows-x86_64 0.1.4 36.00 104.00 140.00 NOTE
r-patched-linux-x86_64 0.1.4 40.87 84.74 125.61 NOTE
r-release-linux-x86_64 0.1.4 39.81 84.44 124.25 NOTE
r-release-macos-arm64 0.1.4 59.00 NOTE
r-release-macos-x86_64 0.1.4 92.00 NOTE
r-release-windows-x86_64 0.1.4 47.00 127.00 174.00 NOTE
r-oldrel-macos-arm64 0.1.4 43.00 OK
r-oldrel-macos-x86_64 0.1.4 68.00 OK
r-oldrel-windows-x86_64 0.1.4 44.00 121.00 165.00 OK

Check Details

Version: 0.1.4
Check: C++ specification
Result: NOTE
     Specified C++11: please drop specification unless essential
Flavors: r-devel-linux-x86_64-debian-clang, r-devel-linux-x86_64-debian-gcc, r-devel-linux-x86_64-fedora-clang, r-devel-linux-x86_64-fedora-gcc, r-devel-windows-x86_64, r-patched-linux-x86_64, r-release-linux-x86_64, r-release-macos-arm64, r-release-macos-x86_64, r-release-windows-x86_64