CRAN Package Check Results for Package mvord

Last updated on 2023-06-09 19:56:29 CEST.

Flavor Version Tinstall Tcheck Ttotal Status Flags
r-devel-linux-x86_64-debian-clang 1.1.1 13.63 219.43 233.06 OK
r-devel-linux-x86_64-debian-gcc 1.1.1 12.72 164.59 177.31 OK
r-devel-linux-x86_64-fedora-clang 1.1.1 288.61 NOTE
r-devel-linux-x86_64-fedora-gcc 1.1.1 291.17 OK
r-devel-windows-x86_64 1.1.1 16.00 191.00 207.00 OK
r-patched-linux-x86_64 1.1.1 17.33 208.21 225.54 OK
r-release-linux-x86_64 1.1.1 13.01 204.61 217.62 OK
r-release-macos-arm64 1.1.1 95.00 NOTE
r-release-macos-x86_64 1.1.1 147.00 NOTE
r-release-windows-x86_64 1.1.1 19.00 232.00 251.00 OK
r-oldrel-macos-arm64 1.1.1 83.00 OK
r-oldrel-macos-x86_64 1.1.1 104.00 OK
r-oldrel-windows-x86_64 1.1.1 19.00 224.00 243.00 OK

Check Details

Version: 1.1.1
Check: Rd cross-references
Result: NOTE
    Undeclared package ‘VGAM’ in Rd xrefs
Flavor: r-devel-linux-x86_64-fedora-clang

Version: 1.1.1
Check: re-building of vignette outputs
Result: NOTE
    Error(s) in re-building vignettes:
     ...
    --- re-building ‘vignette_mvord2.Rmd’ using rmarkdown
    --- finished re-building ‘vignette_mvord2.Rmd’
    
    --- re-building ‘vignette_mvord.Rnw’ using Sweave
    Loading required package: minqa
    Loading required package: BB
    Loading required package: ucminf
    Loading required package: dfoptim
    Error: processing vignette 'vignette_mvord.Rnw' failed with diagnostics:
    Running 'texi2dvi' on 'vignette_mvord.tex' failed.
    LaTeX errors:
    !pdfTeX error: pdflatex (file bbm10): Font bbm10 at 657 not found
     ==> Fatal error occurred, no output PDF file produced!
    --- failed re-building 'vignette_mvord.Rnw'
    
    SUMMARY: processing the following file failed:
     ‘vignette_mvord.Rnw’
    
    Error: Vignette re-building failed.
    Execution halted
Flavor: r-release-macos-arm64

Version: 1.1.1
Check: re-building of vignette outputs
Result: NOTE
    Error(s) in re-building vignettes:
    --- re-building ‘vignette_mvord2.Rmd’ using rmarkdown
    Pandoc is required to build R Markdown vignettes but not available. Please make sure it is installed.
    --- finished re-building ‘vignette_mvord2.Rmd’
    
    --- re-building ‘vignette_mvord.Rnw’ using Sweave
    Loading required package: minqa
    Loading required package: BB
    Loading required package: ucminf
    Loading required package: dfoptim
    Error: processing vignette 'vignette_mvord.Rnw' failed with diagnostics:
    Running 'texi2dvi' on 'vignette_mvord.tex' failed.
    LaTeX errors:
    ! Font U/bbm/m/n/10.95=bbm10 at 10.95pt not loadable: Metric (TFM) file not found.
    <to be read again>
     relax
    l.544 \end{align}
    
    ! Emergency stop.
    <to be read again>
     relax
    l.544 \end{align}
    
    ! ==> Fatal error occurred, no output PDF file produced!
    --- failed re-building 'vignette_mvord.Rnw'
    
    SUMMARY: processing the following file failed:
     ‘vignette_mvord.Rnw’
    
    Error: Vignette re-building failed.
    Execution halted
Flavor: r-release-macos-x86_64