Last updated on 2024-04-26 19:49:18 CEST.
Flavor | Version | Tinstall | Tcheck | Ttotal | Status | Flags |
---|---|---|---|---|---|---|
r-devel-linux-x86_64-debian-clang | 0.1.0 | 14.26 | 148.67 | 162.93 | NOTE | |
r-devel-linux-x86_64-debian-gcc | 0.1.0 | 12.42 | 110.88 | 123.30 | NOTE | |
r-devel-linux-x86_64-fedora-clang | 0.1.0 | 205.51 | NOTE | |||
r-devel-linux-x86_64-fedora-gcc | 0.1.0 | 216.21 | NOTE | |||
r-devel-windows-x86_64 | 0.1.0 | 12.00 | 122.00 | 134.00 | NOTE | |
r-patched-linux-x86_64 | 0.1.0 | 10.20 | 140.30 | 150.50 | NOTE | |
r-release-linux-x86_64 | 0.1.0 | 9.22 | 138.93 | 148.15 | OK | |
r-release-macos-arm64 | 0.1.0 | 69.00 | NOTE | |||
r-release-windows-x86_64 | 0.1.0 | 12.00 | 123.00 | 135.00 | NOTE | |
r-oldrel-macos-arm64 | 0.1.0 | 67.00 | OK | |||
r-oldrel-macos-x86_64 | 0.1.0 | 102.00 | OK | |||
r-oldrel-windows-x86_64 | 0.1.0 | 20.00 | 151.00 | 171.00 | OK |
Version: 0.1.0
Check: Rd files
Result: NOTE
checkRd: (-1) hurricane.Rd:47-48: Lost braces
47 | \doi{10.1073/pnas.1402786111}{Female hurricanes are
| ^
checkRd: (-1) hurricane.Rd:55: Lost braces
55 | \doi{10.1038/s41562-020-0912-z}{Specification curve analysis}
| ^
checkRd: (-1) soccer.Rd:67: Lost braces; missing escapes or markup?
67 | {rater1} and {rater2}, and the 5-point scale values were
| ^
checkRd: (-1) soccer.Rd:67: Lost braces; missing escapes or markup?
67 | {rater1} and {rater2}, and the 5-point scale values were
| ^
Flavors: r-devel-linux-x86_64-debian-clang, r-devel-linux-x86_64-debian-gcc, r-devel-linux-x86_64-fedora-clang, r-devel-linux-x86_64-fedora-gcc, r-devel-windows-x86_64, r-patched-linux-x86_64, r-release-macos-arm64, r-release-windows-x86_64