Last updated on 2023-09-22 19:54:38 CEST.
Flavor | Version | Tinstall | Tcheck | Ttotal | Status | Flags |
---|---|---|---|---|---|---|
r-devel-linux-x86_64-debian-clang | 2.7.5 | 34.73 | 272.65 | 307.38 | OK | |
r-devel-linux-x86_64-debian-gcc | 2.7.5 | 29.28 | 197.51 | 226.79 | OK | |
r-devel-linux-x86_64-fedora-clang | 2.7.5 | 364.17 | OK | |||
r-devel-linux-x86_64-fedora-gcc | 2.7.5 | 374.91 | OK | |||
r-devel-windows-x86_64 | 2.7.5 | 28.00 | 182.00 | 210.00 | OK | |
r-patched-linux-x86_64 | 2.7.5 | 30.17 | 258.97 | 289.14 | OK | |
r-release-linux-x86_64 | 2.7.5 | 24.30 | 259.46 | 283.76 | OK | |
r-release-macos-arm64 | 2.7.5 | 103.00 | OK | |||
r-release-macos-x86_64 | 2.7.5 | 163.00 | NOTE | |||
r-release-windows-x86_64 | 2.7.5 | 38.00 | 237.00 | 275.00 | OK | |
r-oldrel-macos-arm64 | 2.7.5 | 79.00 | OK | |||
r-oldrel-macos-x86_64 | 2.7.5 | 123.00 | OK | |||
r-oldrel-windows-x86_64 | 2.7.5 | 40.00 | 238.00 | 278.00 | OK |
Version: 2.7.5
Check: package dependencies
Result: NOTE
Package suggested but not available for checking: ‘mvMORPH’
Flavor: r-release-macos-x86_64
Version: 2.7.5
Check: Rd cross-references
Result: NOTE
Package unavailable to check Rd xrefs: ‘mvMORPH’
Flavor: r-release-macos-x86_64