Last updated on 2024-04-17 19:58:44 CEST.
Flavor | Version | Tinstall | Tcheck | Ttotal | Status | Flags |
---|---|---|---|---|---|---|
r-devel-linux-x86_64-debian-clang | 0.1-10 | 3.51 | 221.06 | 224.57 | OK | |
r-devel-linux-x86_64-debian-gcc | 0.1-10 | 3.12 | 158.39 | 161.51 | OK | |
r-devel-linux-x86_64-fedora-clang | 0.1-10 | 270.89 | NOTE | |||
r-devel-linux-x86_64-fedora-gcc | 0.1-10 | 265.99 | OK | |||
r-prerel-macos-arm64 | 0.1-10 | 69.00 | OK | |||
r-prerel-windows-x86_64 | 0.1-10 | 5.00 | 179.00 | 184.00 | OK | |
r-patched-linux-x86_64 | 0.1-10 | 4.54 | 212.96 | 217.50 | OK | |
r-release-linux-x86_64 | 0.1-10 | 3.98 | 216.20 | 220.18 | OK | |
r-release-macos-arm64 | 0.1-10 | 76.00 | OK | |||
r-release-macos-x86_64 | 0.1-10 | 151.00 | NOTE | |||
r-release-windows-x86_64 | 0.1-10 | 6.00 | 232.00 | 238.00 | OK | |
r-oldrel-macos-arm64 | 0.1-10 | 69.00 | OK | |||
r-oldrel-windows-x86_64 | 0.1-10 | 6.00 | 230.00 | 236.00 | OK |
Version: 0.1-10
Check: Rd cross-references
Result: NOTE
Undeclared package ‘sampleSelection’ in Rd xrefs
Flavor: r-devel-linux-x86_64-fedora-clang
Version: 0.1-10
Check: Rd cross-references
Result: NOTE
Package unavailable to check Rd xrefs: ‘sampleSelection’
Flavor: r-release-macos-x86_64