Last updated on 2023-05-29 20:00:29 CEST.
Flavor | Version | Tinstall | Tcheck | Ttotal | Status | Flags |
---|---|---|---|---|---|---|
r-devel-linux-x86_64-debian-clang | 0.1.5 | 5.74 | 36.80 | 42.54 | OK | |
r-devel-linux-x86_64-debian-gcc | 0.1.5 | 4.75 | 28.83 | 33.58 | OK | |
r-devel-linux-x86_64-fedora-clang | 0.1.5 | 56.03 | NOTE | |||
r-devel-linux-x86_64-fedora-gcc | 0.1.5 | 52.92 | OK | |||
r-devel-windows-x86_64 | 0.1.5 | 7.00 | 58.00 | 65.00 | OK | |
r-patched-linux-x86_64 | 0.1.5 | 5.84 | 36.61 | 42.45 | OK | |
r-release-linux-x86_64 | 0.1.5 | 5.49 | 36.59 | 42.08 | OK | |
r-release-macos-arm64 | 0.1.5 | 22.00 | OK | |||
r-release-macos-x86_64 | 0.1.5 | 33.00 | OK | |||
r-release-windows-x86_64 | 0.1.5 | 7.00 | 64.00 | 71.00 | OK | |
r-oldrel-macos-arm64 | 0.1.5 | 25.00 | OK | |||
r-oldrel-macos-x86_64 | 0.1.5 | 28.00 | OK | |||
r-oldrel-windows-x86_64 | 0.1.5 | 9.00 | 64.00 | 73.00 | OK |
Version: 0.1.5
Check: Rd cross-references
Result: NOTE
Undeclared package ‘mev’ in Rd xrefs
Flavor: r-devel-linux-x86_64-fedora-clang