CRAN Package Check Results for Package mvGPS

Last updated on 2023-09-24 08:58:24 CEST.

Flavor Version Tinstall Tcheck Ttotal Status Flags
r-devel-linux-x86_64-debian-clang 1.2.2 12.14 137.38 149.52 NOTE
r-devel-linux-x86_64-debian-gcc 1.2.2 10.14 100.17 110.31 NOTE
r-devel-linux-x86_64-fedora-clang 1.2.2 180.57 NOTE
r-devel-linux-x86_64-fedora-gcc 1.2.2 200.10 NOTE
r-devel-windows-x86_64 1.2.2 13.00 113.00 126.00 NOTE
r-patched-linux-x86_64 1.2.2 8.64 127.67 136.31 NOTE
r-release-linux-x86_64 1.2.2 8.54 129.53 138.07 NOTE
r-release-macos-arm64 1.2.2 67.00 NOTE
r-release-macos-x86_64 1.2.2 102.00 NOTE
r-release-windows-x86_64 1.2.2 15.00 136.00 151.00 NOTE
r-oldrel-macos-arm64 1.2.2 65.00 NOTE
r-oldrel-macos-x86_64 1.2.2 118.00 NOTE
r-oldrel-windows-x86_64 1.2.2 15.00 136.00 151.00 OK

Check Details

Version: 1.2.2
Check: Rd files
Result: NOTE
    checkRd: (-1) bal.Rd:156: Escaped LaTeX specials: \&
Flavors: r-devel-linux-x86_64-debian-clang, r-devel-linux-x86_64-debian-gcc, r-devel-linux-x86_64-fedora-clang, r-devel-linux-x86_64-fedora-gcc, r-devel-windows-x86_64, r-patched-linux-x86_64, r-release-linux-x86_64, r-release-macos-arm64, r-release-macos-x86_64, r-release-windows-x86_64

Version: 1.2.2
Check: dependencies in R code
Result: NOTE
    Namespace in Imports field not imported from: ‘Rdpack’
     All declared Imports should be used.
Flavors: r-devel-linux-x86_64-fedora-clang, r-devel-linux-x86_64-fedora-gcc, r-oldrel-macos-arm64, r-oldrel-macos-x86_64