Last updated on 2023-09-24 08:58:23 CEST.
Flavor | Version | Tinstall | Tcheck | Ttotal | Status | Flags |
---|---|---|---|---|---|---|
r-devel-linux-x86_64-debian-clang | 1.1.0 | 64.78 | 121.86 | 186.64 | NOTE | |
r-devel-linux-x86_64-debian-gcc | 1.1.0 | 48.54 | 90.77 | 139.31 | NOTE | |
r-devel-linux-x86_64-fedora-clang | 1.1.0 | 244.94 | NOTE | |||
r-devel-linux-x86_64-fedora-gcc | 1.1.0 | 255.73 | NOTE | |||
r-devel-windows-x86_64 | 1.1.0 | 53.00 | 120.00 | 173.00 | NOTE | |
r-patched-linux-x86_64 | 1.1.0 | 61.57 | 114.71 | 176.28 | NOTE | |
r-release-linux-x86_64 | 1.1.0 | 60.70 | 106.44 | 167.14 | NOTE | |
r-release-macos-arm64 | 1.1.0 | 75.00 | NOTE | |||
r-release-macos-x86_64 | 1.1.0 | 111.00 | NOTE | |||
r-release-windows-x86_64 | 1.1.0 | 70.00 | 148.00 | 218.00 | NOTE | |
r-oldrel-macos-arm64 | 1.1.0 | 65.00 | OK | |||
r-oldrel-macos-x86_64 | 1.1.0 | 90.00 | OK | |||
r-oldrel-windows-x86_64 | 1.1.0 | 68.00 | 153.00 | 221.00 | OK |
Version: 1.1.0
Check: C++ specification
Result: NOTE
Specified C++11: please drop specification unless essential
Flavors: r-devel-linux-x86_64-debian-clang, r-devel-linux-x86_64-debian-gcc, r-devel-linux-x86_64-fedora-clang, r-devel-linux-x86_64-fedora-gcc, r-devel-windows-x86_64, r-patched-linux-x86_64, r-release-linux-x86_64, r-release-macos-arm64, r-release-macos-x86_64, r-release-windows-x86_64