CRAN Package Check Results for Package multinomialLogitMix

Last updated on 2023-06-04 08:57:15 CEST.

Flavor Version Tinstall Tcheck Ttotal Status Flags
r-devel-linux-x86_64-debian-clang 1.0 40.29 66.48 106.77 NOTE
r-devel-linux-x86_64-debian-gcc 1.0 29.10 50.40 79.50 NOTE
r-devel-linux-x86_64-fedora-clang 1.0 147.55 NOTE
r-devel-linux-x86_64-fedora-gcc 1.0 139.93 NOTE
r-devel-windows-x86_64 1.0 32.00 99.00 131.00 NOTE
r-patched-linux-x86_64 1.0 33.38 62.90 96.28 NOTE
r-release-linux-x86_64 1.0 31.95 62.56 94.51 NOTE
r-release-macos-arm64 1.0 43.00 NOTE
r-release-macos-x86_64 1.0 58.00 NOTE
r-release-windows-x86_64 1.0 42.00 114.00 156.00 NOTE
r-oldrel-macos-arm64 1.0 33.00 OK
r-oldrel-macos-x86_64 1.0 50.00 OK
r-oldrel-windows-x86_64 1.0 39.00 111.00 150.00 OK

Check Details

Version: 1.0
Check: C++ specification
Result: NOTE
     Specified C++11: please drop specification unless essential
Flavors: r-devel-linux-x86_64-debian-clang, r-devel-linux-x86_64-debian-gcc, r-devel-linux-x86_64-fedora-clang, r-devel-linux-x86_64-fedora-gcc, r-devel-windows-x86_64, r-patched-linux-x86_64, r-release-linux-x86_64, r-release-macos-arm64, r-release-macos-x86_64, r-release-windows-x86_64