Last updated on 2023-06-08 08:55:27 CEST.
Flavor | Version | Tinstall | Tcheck | Ttotal | Status | Flags |
---|---|---|---|---|---|---|
r-devel-linux-x86_64-debian-clang | 0.2.2 | 35.89 | 36.18 | 72.07 | OK | |
r-devel-linux-x86_64-debian-gcc | 0.2.2 | 30.93 | 28.29 | 59.22 | OK | |
r-devel-linux-x86_64-fedora-clang | 0.2.2 | 123.86 | OK | |||
r-devel-linux-x86_64-fedora-gcc | 0.2.2 | 106.83 | OK | |||
r-devel-windows-x86_64 | 0.2.2 | 34.00 | 72.00 | 106.00 | OK | |
r-patched-linux-x86_64 | 0.2.2 | 35.55 | 35.36 | 70.91 | OK | |
r-release-linux-x86_64 | 0.2.2 | 32.80 | 35.51 | 68.31 | OK | |
r-release-macos-arm64 | 0.2.2 | 32.00 | OK | |||
r-release-macos-x86_64 | 0.2.2 | 48.00 | NOTE | |||
r-release-windows-x86_64 | 0.2.2 | 42.00 | 80.00 | 122.00 | OK | |
r-oldrel-macos-arm64 | 0.2.2 | 31.00 | OK | |||
r-oldrel-macos-x86_64 | 0.2.2 | 42.00 | OK | |||
r-oldrel-windows-x86_64 | 0.2.2 | 40.00 | 71.00 | 111.00 | OK |
Version: 0.2.2
Check: package dependencies
Result: NOTE
Package suggested but not available for checking: ‘statnet’
Flavor: r-release-macos-x86_64