Last updated on 2024-03-29 07:54:49 CET.
Flavor | Version | Tinstall | Tcheck | Ttotal | Status | Flags |
---|---|---|---|---|---|---|
r-devel-linux-x86_64-debian-clang | 1.2.0 | 23.86 | 371.15 | 395.01 | NOTE | |
r-devel-linux-x86_64-debian-gcc | 1.2.0 | 15.68 | 254.83 | 270.51 | NOTE | |
r-devel-linux-x86_64-fedora-clang | 1.2.0 | 479.93 | NOTE | |||
r-devel-linux-x86_64-fedora-gcc | 1.2.0 | 475.96 | NOTE | |||
r-devel-windows-x86_64 | 1.2.0 | 21.00 | 238.00 | 259.00 | NOTE | |
r-patched-linux-x86_64 | 1.2.0 | 20.38 | 366.53 | 386.91 | NOTE | |
r-release-linux-x86_64 | 1.2.0 | 23.39 | 340.56 | 363.95 | NOTE | |
r-release-macos-arm64 | 1.2.0 | 134.00 | NOTE | |||
r-release-macos-x86_64 | 1.2.0 | 223.00 | NOTE | |||
r-release-windows-x86_64 | 1.2.0 | 25.00 | 323.00 | 348.00 | NOTE | |
r-oldrel-macos-arm64 | 1.2.0 | 141.00 | OK | |||
r-oldrel-windows-x86_64 | 1.2.0 | 25.00 | 326.00 | 351.00 | OK |
Version: 1.2.0
Check: C++ specification
Result: NOTE
Specified C++11: please drop specification unless essential
Flavors: r-devel-linux-x86_64-debian-clang, r-devel-linux-x86_64-debian-gcc, r-devel-linux-x86_64-fedora-clang, r-devel-linux-x86_64-fedora-gcc, r-devel-windows-x86_64, r-patched-linux-x86_64, r-release-linux-x86_64, r-release-macos-arm64, r-release-macos-x86_64, r-release-windows-x86_64