Last updated on 2024-04-23 19:50:51 CEST.
Flavor | Version | Tinstall | Tcheck | Ttotal | Status | Flags |
---|---|---|---|---|---|---|
r-devel-linux-x86_64-debian-clang | 1.2.2 | 15.13 | 124.62 | 139.75 | NOTE | |
r-devel-linux-x86_64-debian-gcc | 1.2.2 | 13.07 | 107.20 | 120.27 | NOTE | |
r-devel-linux-x86_64-fedora-clang | 1.2.2 | 204.41 | NOTE | |||
r-devel-linux-x86_64-fedora-gcc | 1.2.2 | 190.20 | NOTE | |||
r-prerel-macos-arm64 | 1.2.2 | 87.00 | NOTE | |||
r-prerel-macos-x86_64 | 1.2.2 | 106.00 | OK | |||
r-prerel-windows-x86_64 | 1.2.2 | 13.00 | 113.00 | 126.00 | NOTE | |
r-patched-linux-x86_64 | 1.2.2 | 19.19 | 139.79 | 158.98 | NOTE | |
r-release-linux-x86_64 | 1.2.2 | 14.04 | 127.14 | 141.18 | OK | |
r-release-macos-arm64 | 1.2.2 | 59.00 | OK | |||
r-release-macos-x86_64 | 1.2.2 | 96.00 | OK | |||
r-release-windows-x86_64 | 1.2.2 | 18.00 | 145.00 | 163.00 | OK | |
r-oldrel-macos-arm64 | 1.2.2 | 74.00 | OK | |||
r-oldrel-windows-x86_64 | 1.2.2 | 18.00 | 148.00 | 166.00 | OK |
Version: 1.2.2
Check: Rd files
Result: NOTE
checkRd: (-1) PPCA.Rd:35: Lost braces
35 | Returns an object of class 'pcaRes.' See documentation in the package code{\link[pcaMethods:pcaMethods]{ pcaMethods}}
| ^
Flavors: r-devel-linux-x86_64-debian-clang, r-devel-linux-x86_64-debian-gcc, r-devel-linux-x86_64-fedora-clang, r-devel-linux-x86_64-fedora-gcc, r-prerel-macos-arm64, r-prerel-windows-x86_64, r-patched-linux-x86_64