Last updated on 2023-06-10 08:53:21 CEST.
Flavor | Version | Tinstall | Tcheck | Ttotal | Status | Flags |
---|---|---|---|---|---|---|
r-devel-linux-x86_64-debian-clang | 1.8.0 | 40.12 | 129.74 | 169.86 | NOTE | |
r-devel-linux-x86_64-debian-gcc | 1.8.0 | 29.78 | 96.45 | 126.23 | NOTE | |
r-devel-linux-x86_64-fedora-clang | 1.8.0 | 217.99 | NOTE | |||
r-devel-linux-x86_64-fedora-gcc | 1.8.0 | 223.10 | NOTE | |||
r-devel-windows-x86_64 | 1.8.0 | 33.00 | 142.00 | 175.00 | NOTE | |
r-patched-linux-x86_64 | 1.8.0 | 33.96 | 121.81 | 155.77 | NOTE | |
r-release-linux-x86_64 | 1.8.0 | 30.88 | 121.00 | 151.88 | NOTE | |
r-release-macos-arm64 | 1.8.0 | 70.00 | NOTE | |||
r-release-macos-x86_64 | 1.8.0 | 102.00 | NOTE | |||
r-release-windows-x86_64 | 1.8.0 | 40.00 | 156.00 | 196.00 | NOTE | |
r-oldrel-macos-arm64 | 1.8.0 | 66.00 | OK | |||
r-oldrel-macos-x86_64 | 1.8.0 | 87.00 | WARN | |||
r-oldrel-windows-x86_64 | 1.8.0 | 41.00 | 155.00 | 196.00 | OK |
Version: 1.8.0
Check: C++ specification
Result: NOTE
Specified C++11: please drop specification unless essential
Flavors: r-devel-linux-x86_64-debian-clang, r-devel-linux-x86_64-debian-gcc, r-devel-linux-x86_64-fedora-clang, r-devel-linux-x86_64-fedora-gcc, r-devel-windows-x86_64, r-patched-linux-x86_64, r-release-linux-x86_64, r-release-macos-arm64, r-release-macos-x86_64, r-release-windows-x86_64
Version: 1.8.0
Check: re-building of vignette outputs
Result: WARN
Error(s) in re-building vignettes:
...
--- re-building ‘multgee_vignette.Rmd’ using rmarkdown
! LaTeX Error: File `orcidlink.sty' not found.
! Emergency stop.
<read *>
Error: processing vignette 'multgee_vignette.Rmd' failed with diagnostics:
LaTeX failed to compile /Volumes/Builds/packages/high-sierra-x86_64/results/4.2/multgee.Rcheck/vign_test/multgee/vignettes/multgee_vignette.tex. See https://yihui.org/tinytex/r/#debugging for debugging tips. See multgee_vignette.log for more info.
--- failed re-building ‘multgee_vignette.Rmd’
SUMMARY: processing the following file failed:
‘multgee_vignette.Rmd’
Error: Vignette re-building failed.
Execution halted
Flavor: r-oldrel-macos-x86_64