Last updated on 2023-05-30 09:00:41 CEST.
Flavor | Version | Tinstall | Tcheck | Ttotal | Status | Flags |
---|---|---|---|---|---|---|
r-devel-linux-x86_64-debian-clang | 1.0.1 | 43.33 | 40.33 | 83.66 | NOTE | |
r-devel-linux-x86_64-debian-gcc | 1.0.1 | 31.53 | 31.41 | 62.94 | NOTE | |
r-devel-linux-x86_64-fedora-clang | 1.0.1 | 114.00 | NOTE | |||
r-devel-linux-x86_64-fedora-gcc | 1.0.1 | 112.39 | NOTE | |||
r-devel-windows-x86_64 | 1.0.1 | 31.00 | 75.00 | 106.00 | NOTE | |
r-patched-linux-x86_64 | 1.0.1 | 34.04 | 39.80 | 73.84 | NOTE | |
r-release-linux-x86_64 | 1.0.1 | 36.84 | 39.54 | 76.38 | NOTE | |
r-release-macos-arm64 | 1.0.1 | 35.00 | NOTE | |||
r-release-macos-x86_64 | 1.0.1 | 52.00 | NOTE | |||
r-release-windows-x86_64 | 1.0.1 | 41.00 | 84.00 | 125.00 | NOTE | |
r-oldrel-macos-arm64 | 1.0.1 | 32.00 | OK | |||
r-oldrel-macos-x86_64 | 1.0.1 | 43.00 | OK | |||
r-oldrel-windows-x86_64 | 1.0.1 | 42.00 | 80.00 | 122.00 | OK |
Version: 1.0.1
Check: C++ specification
Result: NOTE
Specified C++11: please drop specification unless essential
Flavors: r-devel-linux-x86_64-debian-clang, r-devel-linux-x86_64-debian-gcc, r-devel-linux-x86_64-fedora-clang, r-devel-linux-x86_64-fedora-gcc, r-devel-windows-x86_64, r-patched-linux-x86_64, r-release-linux-x86_64, r-release-macos-arm64, r-release-macos-x86_64, r-release-windows-x86_64
Version: 1.0.1
Check: Rd cross-references
Result: NOTE
Undeclared package ‘slam’ in Rd xrefs
Flavor: r-devel-linux-x86_64-fedora-clang