Last updated on 2023-06-06 20:09:49 CEST.
Flavor | Version | Tinstall | Tcheck | Ttotal | Status | Flags |
---|---|---|---|---|---|---|
r-devel-linux-x86_64-debian-clang | 2.0-1.19 | 9.78 | 196.67 | 206.45 | NOTE | |
r-devel-linux-x86_64-debian-gcc | 2.0-1.19 | 8.65 | 152.10 | 160.75 | NOTE | |
r-devel-linux-x86_64-fedora-clang | 2.0-1.19 | 254.90 | NOTE | |||
r-devel-linux-x86_64-fedora-gcc | 2.0-1.19 | 251.30 | NOTE | |||
r-devel-windows-x86_64 | 2.0-1.19 | 10.00 | 184.00 | 194.00 | NOTE | |
r-patched-linux-x86_64 | 2.0-1.19 | 16.80 | 188.32 | 205.12 | NOTE | |
r-release-linux-x86_64 | 2.0-1.19 | 9.92 | 192.93 | 202.85 | NOTE | |
r-release-macos-arm64 | 2.0-1.19 | 87.00 | NOTE | |||
r-release-macos-x86_64 | 2.0-1.19 | 148.00 | NOTE | |||
r-release-windows-x86_64 | 2.0-1.19 | 13.00 | 224.00 | 237.00 | NOTE | |
r-oldrel-macos-arm64 | 2.0-1.19 | 70.00 | OK | |||
r-oldrel-macos-x86_64 | 2.0-1.19 | 96.00 | OK | |||
r-oldrel-windows-x86_64 | 2.0-1.19 | 12.00 | 224.00 | 236.00 | OK |
Version: 2.0-1.19
Check: Rd \usage sections
Result: NOTE
S3 methods shown with full name in documentation object ‘pca.plot.wrap’:
‘lda.plot.wrap.1’
The \usage entries for S3 methods should use the \method markup and not
their full name.
See chapter ‘Writing R documentation files’ in the ‘Writing R
Extensions’ manual.
Flavors: r-devel-linux-x86_64-debian-clang, r-devel-linux-x86_64-debian-gcc, r-devel-linux-x86_64-fedora-clang, r-devel-linux-x86_64-fedora-gcc, r-devel-windows-x86_64, r-patched-linux-x86_64, r-release-linux-x86_64, r-release-macos-arm64, r-release-macos-x86_64, r-release-windows-x86_64