Last updated on 2024-03-28 07:52:55 CET.
Flavor | Version | Tinstall | Tcheck | Ttotal | Status | Flags |
---|---|---|---|---|---|---|
r-devel-linux-x86_64-debian-clang | 7.5.1 | 32.16 | 232.13 | 264.29 | OK | |
r-devel-linux-x86_64-debian-gcc | 7.5.1 | 26.97 | 171.23 | 198.20 | OK | |
r-devel-linux-x86_64-fedora-clang | 7.5.1 | 356.60 | NOTE | |||
r-devel-linux-x86_64-fedora-gcc | 7.5.1 | 384.48 | OK | |||
r-devel-windows-x86_64 | 7.5.1 | 33.00 | 197.00 | 230.00 | NOTE | |
r-patched-linux-x86_64 | 7.5.1 | 32.06 | 210.06 | 242.12 | OK | |
r-release-linux-x86_64 | 7.5.1 | 32.56 | 221.49 | 254.05 | OK | |
r-release-macos-arm64 | 7.5.1 | 132.00 | NOTE | |||
r-release-macos-x86_64 | 7.5.1 | 208.00 | NOTE | |||
r-release-windows-x86_64 | 7.5.1 | 40.00 | 230.00 | 270.00 | NOTE | |
r-oldrel-macos-arm64 | 7.5.1 | 164.00 | NOTE | |||
r-oldrel-windows-x86_64 | 7.5.1 | 40.00 | 238.00 | 278.00 | NOTE |
Version: 7.5.1
Check: installed package size
Result: NOTE
installed size is 6.0Mb
sub-directories of 1Mb or more:
R 5.9Mb
Flavors: r-devel-linux-x86_64-fedora-clang, r-devel-windows-x86_64, r-release-macos-arm64, r-release-macos-x86_64, r-release-windows-x86_64, r-oldrel-macos-arm64, r-oldrel-windows-x86_64