CRAN Package Check Results for Package mpmi

Last updated on 2024-06-24 19:55:23 CEST.

Flavor Version Tinstall Tcheck Ttotal Status Flags
r-devel-linux-x86_64-debian-clang 0.43.2.1 6.45 33.02 39.47 OK
r-devel-linux-x86_64-debian-gcc 0.43.2.1 4.18 25.51 29.69 OK
r-devel-linux-x86_64-fedora-clang 0.43.2.1 50.94 NOTE
r-devel-linux-x86_64-fedora-gcc 0.43.2.1 59.38 NOTE
r-devel-windows-x86_64 0.43.2.1 10.00 65.00 75.00 OK
r-patched-linux-x86_64 0.43.2.1 5.49 32.40 37.89 OK
r-release-linux-x86_64 0.43.2.1 5.33 31.24 36.57 OK
r-release-macos-arm64 0.43.2.1 26.00 OK
r-release-macos-x86_64 0.43.2.1 61.00 OK
r-release-windows-x86_64 0.43.2.1 8.00 65.00 73.00 OK
r-oldrel-macos-arm64 0.43.2.1 43.00 OK
r-oldrel-macos-x86_64 0.43.2.1 73.00 OK
r-oldrel-windows-x86_64 0.43.2.1 9.00 63.00 72.00 OK

Check Details

Version: 0.43.2.1
Check: compiled code
Result: NOTE File ‘mpmi/libs/mpmi.so’: Found no calls to: ‘R_registerRoutines’, ‘R_useDynamicSymbols’ It is good practice to register native routines and to disable symbol search. See ‘Writing portable packages’ in the ‘Writing R Extensions’ manual. Flavors: r-devel-linux-x86_64-fedora-clang, r-devel-linux-x86_64-fedora-gcc