Last updated on 2023-06-03 08:05:49 CEST.
Flavor | Version | Tinstall | Tcheck | Ttotal | Status | Flags |
---|---|---|---|---|---|---|
r-devel-linux-x86_64-debian-clang | 0.4.1 | 62.51 | 29.07 | 91.58 | OK | |
r-devel-linux-x86_64-debian-gcc | 0.4.1 | 48.14 | 23.01 | 71.15 | OK | |
r-devel-linux-x86_64-fedora-clang | 0.4.1 | 138.66 | NOTE | |||
r-devel-linux-x86_64-fedora-gcc | 0.4.1 | 136.61 | NOTE | |||
r-devel-windows-x86_64 | 0.4.1 | 49.00 | 66.00 | 115.00 | OK | |
r-patched-linux-x86_64 | 0.4.1 | OK | ||||
r-release-linux-x86_64 | 0.4.1 | 48.93 | 28.41 | 77.34 | OK | |
r-release-macos-arm64 | 0.4.1 | 36.00 | OK | |||
r-release-macos-x86_64 | 0.4.1 | 59.00 | OK | |||
r-release-windows-x86_64 | 0.4.1 | 64.00 | 71.00 | 135.00 | OK | |
r-oldrel-macos-arm64 | 0.4.1 | 43.00 | OK | |||
r-oldrel-macos-x86_64 | 0.4.1 | 45.00 | OK | |||
r-oldrel-windows-x86_64 | 0.4.1 | 60.00 | 67.00 | 127.00 | OK |
Version: 0.4.1
Check: Rd cross-references
Result: NOTE
Undeclared package ‘proxy’ in Rd xrefs
Flavor: r-devel-linux-x86_64-fedora-clang
Version: 0.4.1
Check: compiled code
Result: NOTE
File ‘mp/libs/mp.so’:
Found no calls to: ‘R_registerRoutines’, ‘R_useDynamicSymbols’
It is good practice to register native routines and to disable symbol
search.
See ‘Writing portable packages’ in the ‘Writing R Extensions’ manual.
Flavors: r-devel-linux-x86_64-fedora-clang, r-devel-linux-x86_64-fedora-gcc