Last updated on 2024-03-28 19:48:37 CET.
Flavor | Version | Tinstall | Tcheck | Ttotal | Status | Flags |
---|---|---|---|---|---|---|
r-devel-linux-x86_64-debian-clang | 3.2.3 | 128.67 | 106.04 | 234.71 | OK | |
r-devel-linux-x86_64-debian-gcc | 3.2.3 | 99.44 | 77.40 | 176.84 | OK | |
r-devel-linux-x86_64-fedora-clang | 3.2.3 | 351.28 | OK | |||
r-devel-linux-x86_64-fedora-gcc | 3.2.3 | 330.78 | OK | |||
r-devel-windows-x86_64 | 3.2.3 | 94.00 | 131.00 | 225.00 | OK | |
r-patched-linux-x86_64 | 3.2.3 | 94.01 | 102.01 | 196.02 | OK | |
r-release-linux-x86_64 | 3.2.3 | 85.92 | 100.87 | 186.79 | OK | |
r-release-macos-arm64 | 3.2.3 | 71.00 | NOTE | |||
r-release-macos-x86_64 | 3.2.3 | 116.00 | NOTE | |||
r-release-windows-x86_64 | 3.2.3 | 125.00 | 156.00 | 281.00 | OK | |
r-oldrel-macos-arm64 | 3.2.3 | 81.00 | NOTE | |||
r-oldrel-windows-x86_64 | 3.2.3 | 123.00 | 145.00 | 268.00 | OK |
Version: 3.2.3
Check: installed package size
Result: NOTE
installed size is 5.8Mb
sub-directories of 1Mb or more:
data 2.3Mb
libs 2.6Mb
Flavors: r-release-macos-arm64, r-release-macos-x86_64, r-oldrel-macos-arm64