CRAN Package Check Results for Package mousetrap

Last updated on 2023-03-28 08:54:55 CEST.

Flavor Version Tinstall Tcheck Ttotal Status Flags
r-devel-linux-x86_64-debian-clang 3.2.1 126.61 110.56 237.17 OK
r-devel-linux-x86_64-debian-gcc 3.2.1 92.34 82.69 175.03 OK
r-devel-linux-x86_64-fedora-clang 3.2.1 340.41 OK
r-devel-linux-x86_64-fedora-gcc 3.2.1 291.95 OK
r-patched-linux-x86_64 3.2.1 78.59 106.13 184.72 OK
r-release-linux-x86_64 3.2.1 87.01 104.39 191.40 OK
r-release-macos-arm64 3.2.1 79.00 NOTE
r-release-macos-x86_64 3.2.1 134.00 NOTE
r-release-windows-x86_64 3.2.1 121.00 182.00 303.00 OK
r-oldrel-macos-arm64 3.2.1 62.00 NOTE
r-oldrel-macos-x86_64 3.2.1 107.00 NOTE
r-oldrel-windows-ix86+x86_64 3.2.1 273.00 218.00 491.00 NOTE

Check Details

Version: 3.2.1
Check: installed package size
Result: NOTE
     installed size is 5.6Mb
     sub-directories of 1Mb or more:
     data 2.0Mb
     libs 2.7Mb
Flavors: r-release-macos-arm64, r-release-macos-x86_64, r-oldrel-macos-arm64, r-oldrel-macos-x86_64, r-oldrel-windows-ix86+x86_64

Version: 3.2.1
Check: package dependencies
Result: NOTE
    Package suggested but not available for checking: ‘readbulk’
Flavor: r-release-macos-x86_64

Version: 3.2.1
Check: Rd cross-references
Result: NOTE
    Package unavailable to check Rd xrefs: ‘readbulk’
Flavor: r-release-macos-x86_64