Last updated on 2023-09-22 08:55:52 CEST.
Flavor | Version | Tinstall | Tcheck | Ttotal | Status | Flags |
---|---|---|---|---|---|---|
r-devel-linux-x86_64-debian-clang | 1.0.0 | 8.64 | 110.17 | 118.81 | OK | |
r-devel-linux-x86_64-debian-gcc | 1.0.0 | 6.33 | 84.21 | 90.54 | OK | |
r-devel-linux-x86_64-fedora-clang | 1.0.0 | 152.46 | NOTE | |||
r-devel-linux-x86_64-fedora-gcc | 1.0.0 | 159.57 | OK | |||
r-devel-windows-x86_64 | 1.0.0 | 9.00 | 134.00 | 143.00 | OK | |
r-patched-linux-x86_64 | 1.0.0 | 7.21 | 108.27 | 115.48 | OK | |
r-release-linux-x86_64 | 1.0.0 | 5.19 | 106.33 | 111.52 | OK | |
r-release-macos-arm64 | 1.0.0 | 55.00 | OK | |||
r-release-macos-x86_64 | 1.0.0 | 73.00 | NOTE | |||
r-release-windows-x86_64 | 1.0.0 | 11.00 | 136.00 | 147.00 | OK | |
r-oldrel-macos-arm64 | 1.0.0 | 40.00 | OK | |||
r-oldrel-macos-x86_64 | 1.0.0 | 73.00 | OK | |||
r-oldrel-windows-x86_64 | 1.0.0 | 11.00 | 142.00 | 153.00 | OK |
Version: 1.0.0
Check: Rd cross-references
Result: NOTE
Undeclared package ‘graphlayouts’ in Rd xrefs
Flavor: r-devel-linux-x86_64-fedora-clang
Version: 1.0.0
Check: package dependencies
Result: NOTE
Package suggested but not available for checking: ‘ergm’
Flavor: r-release-macos-x86_64