Last updated on 2024-03-29 07:54:49 CET.
Flavor | Version | Tinstall | Tcheck | Ttotal | Status | Flags |
---|---|---|---|---|---|---|
r-devel-linux-x86_64-debian-clang | 0.6.4 | 107.11 | 127.82 | 234.93 | OK | |
r-devel-linux-x86_64-debian-gcc | 0.6.4 | 88.46 | 94.32 | 182.78 | OK | |
r-devel-linux-x86_64-fedora-clang | 0.6.4 | 336.83 | OK | |||
r-devel-linux-x86_64-fedora-gcc | 0.6.4 | 343.72 | OK | |||
r-devel-windows-x86_64 | 0.6.4 | 87.00 | 138.00 | 225.00 | OK | |
r-patched-linux-x86_64 | 0.6.4 | 113.60 | 124.74 | 238.34 | OK | |
r-release-linux-x86_64 | 0.6.4 | 110.95 | 123.56 | 234.51 | OK | |
r-release-macos-arm64 | 0.6.4 | 70.00 | NOTE | |||
r-release-macos-x86_64 | 0.6.4 | 134.00 | NOTE | |||
r-release-windows-x86_64 | 0.6.4 | 109.00 | 167.00 | 276.00 | OK | |
r-oldrel-macos-arm64 | 0.6.4 | 72.00 | NOTE | |||
r-oldrel-windows-x86_64 | 0.6.4 | 103.00 | 165.00 | 268.00 | OK |
Version: 0.6.4
Check: installed package size
Result: NOTE
installed size is 6.2Mb
sub-directories of 1Mb or more:
libs 3.0Mb
raster 2.2Mb
Flavors: r-release-macos-arm64, r-release-macos-x86_64, r-oldrel-macos-arm64