Last updated on 2024-03-29 07:54:49 CET.
Flavor | Version | Tinstall | Tcheck | Ttotal | Status | Flags |
---|---|---|---|---|---|---|
r-devel-linux-x86_64-debian-clang | 0.6.1 | 21.72 | 217.63 | 239.35 | OK | |
r-devel-linux-x86_64-debian-gcc | 0.6.1 | 16.38 | 160.70 | 177.08 | OK | |
r-devel-linux-x86_64-fedora-clang | 0.6.1 | 307.84 | NOTE | |||
r-devel-linux-x86_64-fedora-gcc | 0.6.1 | 298.05 | NOTE | |||
r-devel-windows-x86_64 | 0.6.1 | 20.00 | 171.00 | 191.00 | OK | |
r-patched-linux-x86_64 | 0.6.1 | 28.19 | 208.11 | 236.30 | OK | |
r-release-linux-x86_64 | 0.6.1 | 16.96 | 213.48 | 230.44 | OK | |
r-release-macos-arm64 | 0.6.1 | 88.00 | OK | |||
r-release-macos-x86_64 | 0.6.1 | 154.00 | OK | |||
r-release-windows-x86_64 | 0.6.1 | 25.00 | 219.00 | 244.00 | OK | |
r-oldrel-macos-arm64 | 0.6.1 | 85.00 | OK | |||
r-oldrel-windows-x86_64 | 0.6.1 | 26.00 | 227.00 | 253.00 | OK |
Version: 0.6.1
Check: data for non-ASCII characters
Result: NOTE
Note: found 56 marked UTF-8 strings
Flavors: r-devel-linux-x86_64-fedora-clang, r-devel-linux-x86_64-fedora-gcc