Last updated on 2024-04-23 19:50:51 CEST.
Flavor | Version | Tinstall | Tcheck | Ttotal | Status | Flags |
---|---|---|---|---|---|---|
r-devel-linux-x86_64-debian-clang | 1.2.3 | 3.24 | 41.64 | 44.88 | NOTE | |
r-devel-linux-x86_64-debian-gcc | 1.2.3 | 2.77 | 32.16 | 34.93 | NOTE | |
r-devel-linux-x86_64-fedora-clang | 1.2.3 | 60.75 | NOTE | |||
r-devel-linux-x86_64-fedora-gcc | 1.2.3 | 68.17 | NOTE | |||
r-prerel-macos-arm64 | 1.2.3 | 40.00 | NOTE | |||
r-prerel-windows-x86_64 | 1.2.3 | 5.00 | 55.00 | 60.00 | NOTE | |
r-patched-linux-x86_64 | 1.2.3 | 3.87 | 40.12 | 43.99 | NOTE | |
r-release-linux-x86_64 | 1.2.3 | 2.13 | 39.14 | 41.27 | OK | |
r-release-macos-arm64 | 1.2.3 | 31.00 | OK | |||
r-release-macos-x86_64 | 1.2.3 | 39.00 | OK | |||
r-release-windows-x86_64 | 1.2.3 | 6.00 | 63.00 | 69.00 | OK | |
r-oldrel-macos-arm64 | 1.2.3 | 24.00 | OK | |||
r-oldrel-windows-x86_64 | 1.2.3 | 5.00 | 70.00 | 75.00 | OK |
Version: 1.2.3
Check: Rd files
Result: NOTE
checkRd: (-1) morphemepiece_cache_dir.Rd:17-19: Lost braces in \itemize; meant \describe ?
checkRd: (-1) morphemepiece_cache_dir.Rd:20-21: Lost braces in \itemize; meant \describe ?
checkRd: (-1) morphemepiece_cache_dir.Rd:22-24: Lost braces in \itemize; meant \describe ?
Flavors: r-devel-linux-x86_64-debian-clang, r-devel-linux-x86_64-debian-gcc, r-devel-linux-x86_64-fedora-clang, r-devel-linux-x86_64-fedora-gcc, r-prerel-macos-arm64, r-prerel-windows-x86_64, r-patched-linux-x86_64