Last updated on 2024-03-28 07:52:55 CET.
Flavor | Version | Tinstall | Tcheck | Ttotal | Status | Flags |
---|---|---|---|---|---|---|
r-devel-linux-x86_64-debian-clang | 1.0.7 | 15.11 | 123.33 | 138.44 | NOTE | |
r-devel-linux-x86_64-debian-gcc | 1.0.7 | 10.92 | 94.60 | 105.52 | NOTE | |
r-devel-linux-x86_64-fedora-clang | 1.0.7 | 169.39 | NOTE | |||
r-devel-linux-x86_64-fedora-gcc | 1.0.7 | 182.19 | NOTE | |||
r-devel-windows-x86_64 | 1.0.7 | 12.00 | 130.00 | 142.00 | NOTE | |
r-patched-linux-x86_64 | 1.0.7 | 13.47 | 119.33 | 132.80 | OK | |
r-release-linux-x86_64 | 1.0.7 | 12.80 | 122.96 | 135.76 | OK | |
r-release-macos-arm64 | 1.0.7 | 61.00 | OK | |||
r-release-macos-x86_64 | 1.0.7 | 102.00 | NOTE | |||
r-release-windows-x86_64 | 1.0.7 | 13.00 | 146.00 | 159.00 | OK | |
r-oldrel-macos-arm64 | 1.0.7 | 60.00 | OK | |||
r-oldrel-windows-x86_64 | 1.0.7 | 18.00 | 153.00 | 171.00 | OK |
Version: 1.0.7
Check: Rd files
Result: NOTE
checkRd: (-1) TemplateList-class.Rd:29: Lost braces in \itemize; meant \describe ?
checkRd: (-1) TemplateList-class.Rd:30: Lost braces in \itemize; meant \describe ?
checkRd: (-1) TemplateList-class.Rd:31: Lost braces in \itemize; meant \describe ?
checkRd: (-1) TemplateList-class.Rd:32: Lost braces in \itemize; meant \describe ?
checkRd: (-1) TemplateList-class.Rd:33: Lost braces in \itemize; meant \describe ?
checkRd: (-1) bindEvents.Rd:26: Lost braces in \itemize; meant \describe ?
checkRd: (-1) bindEvents.Rd:27: Lost braces in \itemize; meant \describe ?
checkRd: (-1) bindEvents.Rd:28: Lost braces in \itemize; meant \describe ?
Flavors: r-devel-linux-x86_64-debian-clang, r-devel-linux-x86_64-debian-gcc, r-devel-linux-x86_64-fedora-clang, r-devel-linux-x86_64-fedora-gcc, r-devel-windows-x86_64
Version: 1.0.7
Check: Rd cross-references
Result: NOTE
Undeclared package ‘seewave’ in Rd xrefs
Flavor: r-devel-linux-x86_64-fedora-clang
Version: 1.0.7
Check: package dependencies
Result: NOTE
Packages suggested but not available for checking: 'fftw', 'RODBC'
Flavor: r-release-macos-x86_64
Version: 1.0.7
Check: Rd cross-references
Result: NOTE
Packages unavailable to check Rd xrefs: ‘seewave’, ‘RODBC’
Flavor: r-release-macos-x86_64