Last updated on 2024-03-28 07:52:55 CET.
Flavor | Version | Tinstall | Tcheck | Ttotal | Status | Flags |
---|---|---|---|---|---|---|
r-devel-linux-x86_64-debian-clang | 1.5.5 | 160.26 | 599.56 | 759.82 | OK | |
r-devel-linux-x86_64-debian-gcc | 1.5.5 | 136.57 | 414.73 | 551.30 | OK | |
r-devel-linux-x86_64-fedora-clang | 1.5.5 | 953.90 | OK | |||
r-devel-linux-x86_64-fedora-gcc | 1.5.5 | 949.10 | OK | |||
r-devel-windows-x86_64 | 1.5.5 | 134.00 | 393.00 | 527.00 | OK | |
r-patched-linux-x86_64 | 1.5.5 | 158.13 | 564.78 | 722.91 | OK | |
r-release-linux-x86_64 | 1.5.5 | 152.97 | 557.91 | 710.88 | OK | |
r-release-macos-arm64 | 1.5.5 | 267.00 | NOTE | |||
r-release-macos-x86_64 | 1.5.5 | 454.00 | NOTE | |||
r-release-windows-x86_64 | 1.5.5 | 176.00 | 530.00 | 706.00 | OK | |
r-oldrel-macos-arm64 | 1.5.5 | 232.00 | NOTE | |||
r-oldrel-windows-x86_64 | 1.5.5 | 171.00 | 520.00 | 691.00 | OK |
Version: 1.5.5
Check: installed package size
Result: NOTE
installed size is 9.0Mb
sub-directories of 1Mb or more:
R 2.0Mb
doc 1.7Mb
libs 4.6Mb
Flavors: r-release-macos-arm64, r-release-macos-x86_64, r-oldrel-macos-arm64