Last updated on 2024-03-28 07:52:55 CET.
Flavor | Version | Tinstall | Tcheck | Ttotal | Status | Flags |
---|---|---|---|---|---|---|
r-devel-linux-x86_64-debian-clang | 0.2.3 | 26.34 | 298.29 | 324.63 | OK | |
r-devel-linux-x86_64-debian-gcc | 0.2.3 | 23.16 | 225.88 | 249.04 | OK | |
r-devel-linux-x86_64-fedora-clang | 0.2.3 | 428.19 | NOTE | |||
r-devel-linux-x86_64-fedora-gcc | 0.2.3 | 431.96 | NOTE | |||
r-devel-windows-x86_64 | 0.2.3 | 22.00 | 210.00 | 232.00 | OK | |
r-patched-linux-x86_64 | 0.2.3 | 20.82 | 290.77 | 311.59 | OK | |
r-release-linux-x86_64 | 0.2.3 | 2.42 | 2.00 | 4.42 | ERROR | |
r-release-macos-arm64 | 0.2.3 | 86.00 | OK | |||
r-release-macos-x86_64 | 0.2.3 | 263.00 | OK | |||
r-release-windows-x86_64 | 0.2.3 | 31.00 | 287.00 | 318.00 | OK | |
r-oldrel-macos-arm64 | 0.2.3 | 85.00 | OK | |||
r-oldrel-windows-x86_64 | 0.2.3 | 33.00 | 282.00 | 315.00 | OK |
Version: 0.2.3
Check: package dependencies
Result: NOTE
Imports includes 24 non-default packages.
Importing from so many packages makes the package vulnerable to any of
them becoming unavailable. Move as many as possible to Suggests and
use conditionally.
Flavor: r-devel-linux-x86_64-fedora-clang
Version: 0.2.3
Check: dependencies in R code
Result: NOTE
Namespaces in Imports field not imported from:
‘crayon’ ‘dials’ ‘glue’ ‘parsnip’
All declared Imports should be used.
Flavors: r-devel-linux-x86_64-fedora-clang, r-devel-linux-x86_64-fedora-gcc
Version: 0.2.3
Check: package dependencies
Result: ERROR
Package required but not available: ‘modeltime’
See section ‘The DESCRIPTION file’ in the ‘Writing R Extensions’
manual.
Flavor: r-release-linux-x86_64