Last updated on 2024-04-18 08:54:37 CEST.
Flavor | Version | Tinstall | Tcheck | Ttotal | Status | Flags |
---|---|---|---|---|---|---|
r-devel-linux-x86_64-debian-clang | 0.1.11 | 6.73 | 55.96 | 62.69 | OK | |
r-devel-linux-x86_64-debian-gcc | 0.1.11 | 4.70 | 40.97 | 45.67 | OK | |
r-devel-linux-x86_64-fedora-clang | 0.1.11 | 78.23 | NOTE | |||
r-devel-linux-x86_64-fedora-gcc | 0.1.11 | 71.24 | OK | |||
r-prerel-macos-arm64 | 0.1.11 | 26.00 | OK | |||
r-prerel-windows-x86_64 | 0.1.11 | 5.00 | 61.00 | 66.00 | OK | |
r-patched-linux-x86_64 | 0.1.11 | 5.49 | 53.01 | 58.50 | OK | |
r-release-linux-x86_64 | 0.1.11 | 4.17 | 53.06 | 57.23 | OK | |
r-release-macos-arm64 | 0.1.11 | 30.00 | OK | |||
r-release-macos-x86_64 | 0.1.11 | 39.00 | OK | |||
r-release-windows-x86_64 | 0.1.11 | 8.00 | 71.00 | 79.00 | OK | |
r-oldrel-macos-arm64 | 0.1.11 | 26.00 | OK | |||
r-oldrel-windows-x86_64 | 0.1.11 | 8.00 | 81.00 | 89.00 | OK |
Version: 0.1.11
Check: Rd cross-references
Result: NOTE
Undeclared packages ‘lme4’, ‘rstanarm’, ‘dplyr’ in Rd xrefs
Flavor: r-devel-linux-x86_64-fedora-clang