CRAN Package Check Results for Package modeLLtest

Last updated on 2023-06-10 08:53:20 CEST.

Flavor Version Tinstall Tcheck Ttotal Status Flags
r-devel-linux-x86_64-debian-clang 1.0.4 90.53 106.95 197.48 NOTE
r-devel-linux-x86_64-debian-gcc 1.0.4 66.93 82.77 149.70 NOTE
r-devel-linux-x86_64-fedora-clang 1.0.4 269.38 NOTE
r-devel-linux-x86_64-fedora-gcc 1.0.4 296.40 NOTE
r-devel-windows-x86_64 1.0.4 71.00 114.00 185.00 NOTE
r-patched-linux-x86_64 1.0.4 77.80 105.39 183.19 NOTE
r-release-linux-x86_64 1.0.4 76.14 103.73 179.87 NOTE
r-release-macos-arm64 1.0.4 77.00 NOTE
r-release-macos-x86_64 1.0.4 123.00 NOTE
r-release-windows-x86_64 1.0.4 90.00 142.00 232.00 NOTE
r-oldrel-macos-arm64 1.0.4 59.00 NOTE
r-oldrel-macos-x86_64 1.0.4 90.00 NOTE
r-oldrel-windows-x86_64 1.0.4 87.00 139.00 226.00 OK

Check Details

Version: 1.0.4
Check: C++ specification
Result: NOTE
     Specified C++11: please drop specification unless essential
Flavors: r-devel-linux-x86_64-debian-clang, r-devel-linux-x86_64-debian-gcc, r-devel-linux-x86_64-fedora-clang, r-devel-linux-x86_64-fedora-gcc, r-devel-windows-x86_64, r-patched-linux-x86_64, r-release-linux-x86_64, r-release-macos-arm64, r-release-macos-x86_64, r-release-windows-x86_64

Version: 1.0.4
Check: data for non-ASCII characters
Result: NOTE
     Note: found 18 marked Latin-1 strings
Flavors: r-devel-linux-x86_64-fedora-clang, r-devel-linux-x86_64-fedora-gcc, r-oldrel-macos-arm64, r-oldrel-macos-x86_64