Last updated on 2023-06-09 19:56:29 CEST.
Flavor | Version | Tinstall | Tcheck | Ttotal | Status | Flags |
---|---|---|---|---|---|---|
r-devel-linux-x86_64-debian-clang | 0.2.3 | 12.83 | 193.00 | 205.83 | OK | |
r-devel-linux-x86_64-debian-gcc | 0.2.3 | 10.41 | 142.63 | 153.04 | OK | |
r-devel-linux-x86_64-fedora-clang | 0.2.3 | 268.93 | NOTE | |||
r-devel-linux-x86_64-fedora-gcc | 0.2.3 | 269.20 | OK | |||
r-devel-windows-x86_64 | 0.2.3 | 11.00 | 155.00 | 166.00 | OK | |
r-patched-linux-x86_64 | 0.2.3 | 10.69 | 185.57 | 196.26 | OK | |
r-release-linux-x86_64 | 0.2.3 | 8.05 | 186.65 | 194.70 | OK | |
r-release-macos-arm64 | 0.2.3 | 88.00 | OK | |||
r-release-macos-x86_64 | 0.2.3 | 134.00 | OK | |||
r-release-windows-x86_64 | 0.2.3 | 15.00 | 198.00 | 213.00 | OK | |
r-oldrel-macos-arm64 | 0.2.3 | 68.00 | OK | |||
r-oldrel-macos-x86_64 | 0.2.3 | 146.00 | OK | |||
r-oldrel-windows-x86_64 | 0.2.3 | 16.00 | 198.00 | 214.00 | OK |
Version: 0.2.3
Check: Rd cross-references
Result: NOTE
Undeclared package ‘geomorph’ in Rd xrefs
Flavor: r-devel-linux-x86_64-fedora-clang