Last updated on 2024-04-19 19:50:19 CEST.
Flavor | Version | Tinstall | Tcheck | Ttotal | Status | Flags |
---|---|---|---|---|---|---|
r-devel-linux-x86_64-debian-clang | 1.0.9 | 2.70 | 59.23 | 61.93 | OK | |
r-devel-linux-x86_64-debian-gcc | 1.0.9 | OK | ||||
r-devel-linux-x86_64-fedora-clang | 1.0.9 | 77.28 | NOTE | |||
r-devel-linux-x86_64-fedora-gcc | 1.0.9 | 72.86 | NOTE | |||
r-prerel-macos-arm64 | 1.0.9 | 26.00 | OK | |||
r-prerel-windows-x86_64 | 1.0.9 | 4.00 | 62.00 | 66.00 | OK | |
r-patched-linux-x86_64 | 1.0.9 | 2.05 | 55.52 | 57.57 | OK | |
r-release-linux-x86_64 | 1.0.9 | 2.44 | 55.59 | 58.03 | OK | |
r-release-macos-arm64 | 1.0.9 | 26.00 | OK | |||
r-release-macos-x86_64 | 1.0.9 | 37.00 | OK | |||
r-release-windows-x86_64 | 1.0.9 | 5.00 | 83.00 | 88.00 | OK | |
r-oldrel-macos-arm64 | 1.0.9 | 21.00 | OK | |||
r-oldrel-windows-x86_64 | 1.0.9 | 5.00 | 81.00 | 86.00 | OK |
Version: 1.0.9
Check: dependencies in R code
Result: NOTE
Namespaces in Imports field not imported from:
‘MASS’ ‘Matrix’ ‘magrittr’ ‘reticulate’ ‘tensorflow’ ‘usethis’
All declared Imports should be used.
Flavors: r-devel-linux-x86_64-fedora-clang, r-devel-linux-x86_64-fedora-gcc