Last updated on 2024-04-18 20:55:52 CEST.
Flavor | Version | Tinstall | Tcheck | Ttotal | Status | Flags |
---|---|---|---|---|---|---|
r-devel-linux-x86_64-debian-clang | 0.1 | 36.68 | 28.84 | 65.52 | NOTE | |
r-devel-linux-x86_64-debian-gcc | 0.1 | 24.25 | 21.25 | 45.50 | NOTE | |
r-devel-linux-x86_64-fedora-clang | 0.1 | 88.18 | NOTE | |||
r-devel-linux-x86_64-fedora-gcc | 0.1 | 82.57 | NOTE | |||
r-prerel-macos-arm64 | 0.1 | 23.00 | NOTE | |||
r-prerel-windows-x86_64 | 0.1 | 26.00 | 60.00 | 86.00 | NOTE | |
r-patched-linux-x86_64 | 0.1 | 33.22 | 27.00 | 60.22 | NOTE | |
r-release-linux-x86_64 | 0.1 | 24.95 | 26.76 | 51.71 | NOTE | |
r-release-macos-arm64 | 0.1 | 23.00 | NOTE | |||
r-release-macos-x86_64 | 0.1 | 38.00 | NOTE | |||
r-release-windows-x86_64 | 0.1 | 30.00 | 71.00 | 101.00 | NOTE | |
r-oldrel-macos-arm64 | 0.1 | 24.00 | NOTE | |||
r-oldrel-windows-x86_64 | 0.1 | 31.00 | 72.00 | 103.00 | NOTE |
Version: 0.1
Check: LazyData
Result: NOTE
'LazyData' is specified without a 'data' directory
Flavors: r-devel-linux-x86_64-debian-clang, r-devel-linux-x86_64-debian-gcc, r-devel-linux-x86_64-fedora-clang, r-devel-linux-x86_64-fedora-gcc, r-prerel-macos-arm64, r-prerel-windows-x86_64, r-patched-linux-x86_64, r-release-linux-x86_64, r-release-macos-arm64, r-release-macos-x86_64, r-release-windows-x86_64, r-oldrel-macos-arm64, r-oldrel-windows-x86_64