Last updated on 2024-03-28 07:52:55 CET.
Flavor | Version | Tinstall | Tcheck | Ttotal | Status | Flags |
---|---|---|---|---|---|---|
r-devel-linux-x86_64-debian-clang | 0.2.5 | 3.25 | 111.23 | 114.48 | NOTE | |
r-devel-linux-x86_64-debian-gcc | 0.2.5 | 3.59 | 78.07 | 81.66 | NOTE | |
r-devel-linux-x86_64-fedora-clang | 0.2.5 | 139.97 | NOTE | |||
r-devel-linux-x86_64-fedora-gcc | 0.2.5 | 148.61 | NOTE | |||
r-devel-windows-x86_64 | 0.2.5 | 5.00 | 121.00 | 126.00 | NOTE | |
r-patched-linux-x86_64 | 0.2.5 | 5.73 | 108.52 | 114.25 | OK | |
r-release-linux-x86_64 | 0.2.5 | 4.09 | 105.87 | 109.96 | OK | |
r-release-macos-arm64 | 0.2.5 | 58.00 | OK | |||
r-release-macos-x86_64 | 0.2.5 | 169.00 | OK | |||
r-release-windows-x86_64 | 0.2.5 | 7.00 | 139.00 | 146.00 | OK | |
r-oldrel-macos-arm64 | 0.2.5 | 55.00 | OK | |||
r-oldrel-windows-x86_64 | 0.2.5 | 7.00 | 154.00 | 161.00 | OK |
Version: 0.2.5
Check: Rd files
Result: NOTE
checkRd: (-1) average.fit.models.Rd:6: Lost braces; missing escapes or markup?
6 | These function takes the output of pgls.iter and uses its list of objects { model fits, optimzations (e.g.AICc)} and performs a weighted average on the ctoefficients estimated in the former by weighting by the latter. The parameters can also optionally be converted to binary by specifying "binary=FALSE" or just running the alias wraper function for assessing evidence of variable importance (Burnham & Anderson 2000).
| ^
Flavors: r-devel-linux-x86_64-debian-clang, r-devel-linux-x86_64-debian-gcc, r-devel-linux-x86_64-fedora-clang, r-devel-linux-x86_64-fedora-gcc, r-devel-windows-x86_64