Last updated on 2023-10-04 08:01:43 CEST.
Flavor | Version | Tinstall | Tcheck | Ttotal | Status | Flags |
---|---|---|---|---|---|---|
r-devel-linux-x86_64-debian-clang | 1.20 | 10.28 | 80.44 | 90.72 | OK | |
r-devel-linux-x86_64-debian-gcc | 1.20 | 8.60 | 60.27 | 68.87 | OK | |
r-devel-linux-x86_64-fedora-clang | 1.20 | 111.12 | NOTE | |||
r-devel-linux-x86_64-fedora-gcc | 1.20 | 110.63 | OK | |||
r-devel-windows-x86_64 | 1.20 | 10.00 | 72.00 | 82.00 | OK | |
r-patched-linux-x86_64 | 1.20 | 10.69 | 77.85 | 88.54 | OK | |
r-release-linux-x86_64 | 1.20 | 10.09 | 78.58 | 88.67 | OK | |
r-release-macos-arm64 | 1.20 | 34.00 | OK | |||
r-release-macos-x86_64 | 1.20 | 55.00 | OK | |||
r-release-windows-x86_64 | 1.20 | 11.00 | 87.00 | 98.00 | OK | |
r-oldrel-macos-arm64 | 1.20 | 34.00 | OK | |||
r-oldrel-macos-x86_64 | 1.20 | 47.00 | OK | |||
r-oldrel-windows-x86_64 | 1.20 | 13.00 | 94.00 | 107.00 | OK |
Version: 1.20
Check: Rd cross-references
Result: NOTE
Undeclared package ‘geeM’ in Rd xrefs
Flavor: r-devel-linux-x86_64-fedora-clang